{"id":13879,"date":"2025-01-20T22:50:35","date_gmt":"2025-01-20T22:50:35","guid":{"rendered":"https:\/\/www.tuvendes.com.ar\/demo\/producto\/contenedor-rubbermaid-easy-find-lids-2-1l\/"},"modified":"2026-04-20T19:31:02","modified_gmt":"2026-04-20T19:31:02","slug":"contenedor-rubbermaid-easy-find-lids-2-1l","status":"publish","type":"product","link":"https:\/\/www.tuvendes.com.ar\/demo\/producto\/contenedor-rubbermaid-easy-find-lids-2-1l\/","title":{"rendered":"Contenedor Rubbermaid Easy Find Lids 2.1L"},"content":{"rendered":"<p>Easy Find Lids 2.1 lts. Tapa Roja y Cuerpo Transparente G7J71 &#8211; Contenedor especialmente desarrollado por Rubbermaid &#8211; Sistema Guardafacil evita extraviar las tapas &#8211; Las tapas se ajustan a las bases y a otras tapas para un f\u00e1cil almacenamiento. &#8211; Base Super-Clarified permite ver f\u00e1cilmente los contenidos &#8211; Forma cuadrada para una \u00f3ptima utilizaci\u00f3n del espacio &#8211; Paredes de contenedores gruesas y duraderas para uso diario &#8211; Apto para microondas, congelador y lavavajillas. &#8211; 2.1Litros (equivalente a 9 tazas) &#8211; Las bases y las tapas son BPA FREE &#8211; Cuenta con todas las regulaciones de FDA &#8211; Hecho en USA<br \/>\nDatos log\u00edsticos:Caja MasterUn\/CM: 6 | Peso bruto: 1,6 kg | Largo: 50 cm | Ancho: 24,5 cm | Alto: 28 cm | Volumen: 34,3 lt<\/p>\n","protected":false},"excerpt":{"rendered":"<p>Easy Find Lids 2.1 lts. Tapa Roja y Cuerpo Transparente G7J71 &#8211; Contenedor especialmente desarrollado por Rubbermaid &#8211; Sistema Guardafacil<\/p>\n","protected":false},"featured_media":13882,"template":"","meta":[],"product_brand":[1888],"product_cat":[1749,1833],"product_tag":[],"class_list":{"0":"post-13879","1":"product","2":"type-product","3":"status-publish","4":"has-post-thumbnail","6":"product_brand-rubbermaid","7":"product_cat-cocina","8":"product_cat-hogar-tiempo-libre","10":"first","11":"instock","12":"shipping-taxable","13":"purchasable","14":"product-type-variable"},"_links":{"self":[{"href":"https:\/\/www.tuvendes.com.ar\/demo\/wp-json\/wp\/v2\/product\/13879","targetHints":{"allow":["GET"]}}],"collection":[{"href":"https:\/\/www.tuvendes.com.ar\/demo\/wp-json\/wp\/v2\/product"}],"about":[{"href":"https:\/\/www.tuvendes.com.ar\/demo\/wp-json\/wp\/v2\/types\/product"}],"wp:featuredmedia":[{"embeddable":true,"href":"https:\/\/www.tuvendes.com.ar\/demo\/wp-json\/wp\/v2\/media\/13882"}],"wp:attachment":[{"href":"https:\/\/www.tuvendes.com.ar\/demo\/wp-json\/wp\/v2\/media?parent=13879"}],"wp:term":[{"taxonomy":"product_brand","embeddable":true,"href":"https:\/\/www.tuvendes.com.ar\/demo\/wp-json\/wp\/v2\/product_brand?post=13879"},{"taxonomy":"product_cat","embeddable":true,"href":"https:\/\/www.tuvendes.com.ar\/demo\/wp-json\/wp\/v2\/product_cat?post=13879"},{"taxonomy":"product_tag","embeddable":true,"href":"https:\/\/www.tuvendes.com.ar\/demo\/wp-json\/wp\/v2\/product_tag?post=13879"}],"curies":[{"name":"wp","href":"https:\/\/api.w.org\/{rel}","templated":true}]}}