{"id":13947,"date":"2025-01-20T22:51:04","date_gmt":"2025-01-20T22:51:04","guid":{"rendered":"https:\/\/www.tuvendes.com.ar\/demo\/producto\/paraguas-rpet-automatico-mango-de-madera\/"},"modified":"2026-04-17T20:09:34","modified_gmt":"2026-04-17T20:09:34","slug":"paraguas-rpet-automatico-mango-de-madera","status":"publish","type":"product","link":"https:\/\/www.tuvendes.com.ar\/demo\/producto\/paraguas-rpet-automatico-mango-de-madera\/","title":{"rendered":"Paraguas rPet Autom\u00e1tico &#8211; Mango de Madera"},"content":{"rendered":"<p>Paraguas de 8 gajos con tela impermeable de rPet (pl\u00e1stico reciclado). Con mango de madera, y estructura y puntera met\u00e1licas. Con mecanismo de apertura autom\u00e1tica.*La tonalidad del color del mango de madera puede variar seg\u00fan la partida.<\/p>\n","protected":false},"excerpt":{"rendered":"<p>Paraguas de 8 gajos con tela impermeable de rPet (pl\u00e1stico reciclado). Con mango de madera, y estructura y puntera met\u00e1licas.<\/p>\n","protected":false},"featured_media":13951,"template":"","meta":[],"product_brand":[],"product_cat":[1841,1771,1853],"product_tag":[],"class_list":{"0":"post-13947","1":"product","2":"type-product","3":"status-publish","4":"has-post-thumbnail","6":"product_cat-ecologicos","7":"product_cat-paraguas","8":"product_cat-street","10":"first","11":"instock","12":"shipping-taxable","13":"purchasable","14":"product-type-variable"},"_links":{"self":[{"href":"https:\/\/www.tuvendes.com.ar\/demo\/wp-json\/wp\/v2\/product\/13947","targetHints":{"allow":["GET"]}}],"collection":[{"href":"https:\/\/www.tuvendes.com.ar\/demo\/wp-json\/wp\/v2\/product"}],"about":[{"href":"https:\/\/www.tuvendes.com.ar\/demo\/wp-json\/wp\/v2\/types\/product"}],"wp:featuredmedia":[{"embeddable":true,"href":"https:\/\/www.tuvendes.com.ar\/demo\/wp-json\/wp\/v2\/media\/13951"}],"wp:attachment":[{"href":"https:\/\/www.tuvendes.com.ar\/demo\/wp-json\/wp\/v2\/media?parent=13947"}],"wp:term":[{"taxonomy":"product_brand","embeddable":true,"href":"https:\/\/www.tuvendes.com.ar\/demo\/wp-json\/wp\/v2\/product_brand?post=13947"},{"taxonomy":"product_cat","embeddable":true,"href":"https:\/\/www.tuvendes.com.ar\/demo\/wp-json\/wp\/v2\/product_cat?post=13947"},{"taxonomy":"product_tag","embeddable":true,"href":"https:\/\/www.tuvendes.com.ar\/demo\/wp-json\/wp\/v2\/product_tag?post=13947"}],"curies":[{"name":"wp","href":"https:\/\/api.w.org\/{rel}","templated":true}]}}