{"id":14450,"date":"2025-01-20T22:54:06","date_gmt":"2025-01-20T22:54:06","guid":{"rendered":"https:\/\/www.tuvendes.com.ar\/demo\/producto\/gorro-golfer-super-brushed\/"},"modified":"2026-04-17T20:10:23","modified_gmt":"2026-04-17T20:10:23","slug":"gorro-golfer-super-brushed","status":"publish","type":"product","link":"https:\/\/www.tuvendes.com.ar\/demo\/producto\/gorro-golfer-super-brushed\/","title":{"rendered":"Gorro Golfer &#8211; Super Brushed"},"content":{"rendered":"<p>Gorro Golfer 6 gajos &#8211; super peinado (52% poli\u00e9ster &#8211; 48% algod\u00f3n). Cuenta en la parte trasera con hebilla met\u00e1lica para poder ajustarse de la mejor manera a cada uno. En su interior tiene tapa costuras. Cuenta con una visera semi-curva de 7 cm de largo &#8211; Circunferencia de 58 cm &#8211; Alto de corona: 12 cm<\/p>\n","protected":false},"excerpt":{"rendered":"<p>Gorro Golfer 6 gajos &#8211; super peinado (52% poli\u00e9ster &#8211; 48% algod\u00f3n). Cuenta en la parte trasera con hebilla met\u00e1lica<\/p>\n","protected":false},"featured_media":14461,"template":"","meta":[],"product_brand":[],"product_cat":[1776],"product_tag":[],"class_list":{"0":"post-14450","1":"product","2":"type-product","3":"status-publish","4":"has-post-thumbnail","6":"product_cat-gorros","8":"first","9":"instock","10":"shipping-taxable","11":"purchasable","12":"product-type-variable"},"_links":{"self":[{"href":"https:\/\/www.tuvendes.com.ar\/demo\/wp-json\/wp\/v2\/product\/14450","targetHints":{"allow":["GET"]}}],"collection":[{"href":"https:\/\/www.tuvendes.com.ar\/demo\/wp-json\/wp\/v2\/product"}],"about":[{"href":"https:\/\/www.tuvendes.com.ar\/demo\/wp-json\/wp\/v2\/types\/product"}],"wp:featuredmedia":[{"embeddable":true,"href":"https:\/\/www.tuvendes.com.ar\/demo\/wp-json\/wp\/v2\/media\/14461"}],"wp:attachment":[{"href":"https:\/\/www.tuvendes.com.ar\/demo\/wp-json\/wp\/v2\/media?parent=14450"}],"wp:term":[{"taxonomy":"product_brand","embeddable":true,"href":"https:\/\/www.tuvendes.com.ar\/demo\/wp-json\/wp\/v2\/product_brand?post=14450"},{"taxonomy":"product_cat","embeddable":true,"href":"https:\/\/www.tuvendes.com.ar\/demo\/wp-json\/wp\/v2\/product_cat?post=14450"},{"taxonomy":"product_tag","embeddable":true,"href":"https:\/\/www.tuvendes.com.ar\/demo\/wp-json\/wp\/v2\/product_tag?post=14450"}],"curies":[{"name":"wp","href":"https:\/\/api.w.org\/{rel}","templated":true}]}}