{"id":15836,"date":"2025-01-20T23:02:59","date_gmt":"2025-01-20T23:02:59","guid":{"rendered":"https:\/\/www.tuvendes.com.ar\/demo\/producto\/rollerball-parker-im-2\/"},"modified":"2026-04-17T20:11:26","modified_gmt":"2026-04-17T20:11:26","slug":"rollerball-parker-im-2","status":"publish","type":"product","link":"https:\/\/www.tuvendes.com.ar\/demo\/producto\/rollerball-parker-im-2\/","title":{"rendered":"Rollerball Parker IM"},"content":{"rendered":"<p>Este modelo es sofisticado y de un notable dise\u00f1o. Tinta Negra (1997608)<br \/>\nDatos log\u00edsticos:Art\u00edculo (o unidad m\u00ednima de venta)Tipo de Pack: Caja | Peso Bruto: 77 gr | Largo: 5 cm | Ancho: 18 cm | Alto: 3 cmCaja MasterUn\/CM: 50 | Peso bruto: 4,5 kg | Largo: 27 cm | Ancho: 20 cm | Alto: 33,5 cm | Volumen: 18,09 lt<\/p>\n","protected":false},"excerpt":{"rendered":"<p>Este modelo es sofisticado y de un notable dise\u00f1o. Tinta Negra (1997608) Datos log\u00edsticos:Art\u00edculo (o unidad m\u00ednima de venta)Tipo de<\/p>\n","protected":false},"featured_media":15837,"template":"","meta":[],"product_brand":[],"product_cat":[1761,1827],"product_tag":[],"class_list":{"0":"post-15836","1":"product","2":"type-product","3":"status-publish","4":"has-post-thumbnail","6":"product_cat-escritura","7":"product_cat-escritura-fina","9":"first","10":"instock","11":"shipping-taxable","12":"product-type-variable"},"_links":{"self":[{"href":"https:\/\/www.tuvendes.com.ar\/demo\/wp-json\/wp\/v2\/product\/15836","targetHints":{"allow":["GET"]}}],"collection":[{"href":"https:\/\/www.tuvendes.com.ar\/demo\/wp-json\/wp\/v2\/product"}],"about":[{"href":"https:\/\/www.tuvendes.com.ar\/demo\/wp-json\/wp\/v2\/types\/product"}],"wp:featuredmedia":[{"embeddable":true,"href":"https:\/\/www.tuvendes.com.ar\/demo\/wp-json\/wp\/v2\/media\/15837"}],"wp:attachment":[{"href":"https:\/\/www.tuvendes.com.ar\/demo\/wp-json\/wp\/v2\/media?parent=15836"}],"wp:term":[{"taxonomy":"product_brand","embeddable":true,"href":"https:\/\/www.tuvendes.com.ar\/demo\/wp-json\/wp\/v2\/product_brand?post=15836"},{"taxonomy":"product_cat","embeddable":true,"href":"https:\/\/www.tuvendes.com.ar\/demo\/wp-json\/wp\/v2\/product_cat?post=15836"},{"taxonomy":"product_tag","embeddable":true,"href":"https:\/\/www.tuvendes.com.ar\/demo\/wp-json\/wp\/v2\/product_tag?post=15836"}],"curies":[{"name":"wp","href":"https:\/\/api.w.org\/{rel}","templated":true}]}}