{"id":16505,"date":"2025-01-20T23:06:51","date_gmt":"2025-01-20T23:06:51","guid":{"rendered":"https:\/\/www.tuvendes.com.ar\/demo\/producto\/contigo-vaso-termico-byron-2-0\/"},"modified":"2026-04-20T19:30:58","modified_gmt":"2026-04-20T19:30:58","slug":"contigo-vaso-termico-byron-2-0","status":"publish","type":"product","link":"https:\/\/www.tuvendes.com.ar\/demo\/producto\/contigo-vaso-termico-byron-2-0\/","title":{"rendered":"Contigo Vaso T\u00e9rmico Byron 2.0"},"content":{"rendered":"<p>Vaso t\u00e9rmico Byron 2.0 de acero inoxidable con doble pared aislada que mantiene bebidas calientes hasta 6 h y fr\u00edas hasta 12 h. Dise\u00f1o en colores de tendencia, tapa de seguridad con sistema Snapseal\u2122 para apertura y limpieza f\u00e1ciles, y grip de goma texturizado para mejor agarre. Libre de BPA, capacidad de 473 ml.<\/p>\n","protected":false},"excerpt":{"rendered":"<p>Vaso t\u00e9rmico Byron 2.0 de acero inoxidable con doble pared aislada que mantiene bebidas calientes hasta 6 h y fr\u00edas<\/p>\n","protected":false},"featured_media":16522,"template":"","meta":[],"product_brand":[1887],"product_cat":[1752,1831],"product_tag":[],"class_list":{"0":"post-16505","1":"product","2":"type-product","3":"status-publish","4":"has-post-thumbnail","6":"product_brand-contigo","7":"product_cat-drinkware","8":"product_cat-vasos-termicos","10":"first","11":"instock","12":"shipping-taxable","13":"purchasable","14":"product-type-variable"},"_links":{"self":[{"href":"https:\/\/www.tuvendes.com.ar\/demo\/wp-json\/wp\/v2\/product\/16505","targetHints":{"allow":["GET"]}}],"collection":[{"href":"https:\/\/www.tuvendes.com.ar\/demo\/wp-json\/wp\/v2\/product"}],"about":[{"href":"https:\/\/www.tuvendes.com.ar\/demo\/wp-json\/wp\/v2\/types\/product"}],"wp:featuredmedia":[{"embeddable":true,"href":"https:\/\/www.tuvendes.com.ar\/demo\/wp-json\/wp\/v2\/media\/16522"}],"wp:attachment":[{"href":"https:\/\/www.tuvendes.com.ar\/demo\/wp-json\/wp\/v2\/media?parent=16505"}],"wp:term":[{"taxonomy":"product_brand","embeddable":true,"href":"https:\/\/www.tuvendes.com.ar\/demo\/wp-json\/wp\/v2\/product_brand?post=16505"},{"taxonomy":"product_cat","embeddable":true,"href":"https:\/\/www.tuvendes.com.ar\/demo\/wp-json\/wp\/v2\/product_cat?post=16505"},{"taxonomy":"product_tag","embeddable":true,"href":"https:\/\/www.tuvendes.com.ar\/demo\/wp-json\/wp\/v2\/product_tag?post=16505"}],"curies":[{"name":"wp","href":"https:\/\/api.w.org\/{rel}","templated":true}]}}