{"id":16664,"date":"2025-01-20T23:07:51","date_gmt":"2025-01-20T23:07:51","guid":{"rendered":"https:\/\/www.tuvendes.com.ar\/demo\/producto\/notes-flex-eco-a5\/"},"modified":"2026-04-20T16:15:00","modified_gmt":"2026-04-20T16:15:00","slug":"notes-flex-eco-a5","status":"publish","type":"product","link":"https:\/\/www.tuvendes.com.ar\/demo\/producto\/notes-flex-eco-a5\/","title":{"rendered":"Notes Flex Eco A5"},"content":{"rendered":"<p>Cuaderno de tapa blanda de Cart\u00f3n natural reciclado. 40 p\u00e1ginas rayadas. Terminaci\u00f3n de puntas redondeadas y costura visible en el acabado. Certificacion FSC en la primera hoja. Tama\u00f1o A5 . Papel: 70 g\/m2<\/p>\n","protected":false},"excerpt":{"rendered":"<p>Cuaderno de tapa blanda de Cart\u00f3n natural reciclado. 40 p\u00e1ginas rayadas. Terminaci\u00f3n de puntas redondeadas y costura visible en el<\/p>\n","protected":false},"featured_media":16668,"template":"","meta":[],"product_brand":[1885],"product_cat":[1835,1841,1834],"product_tag":[],"class_list":{"0":"post-16664","1":"product","2":"type-product","3":"status-publish","4":"has-post-thumbnail","6":"product_brand-notes","7":"product_cat-cuadernos-anotadores","8":"product_cat-ecologicos","9":"product_cat-oficina","11":"first","12":"instock","13":"shipping-taxable","14":"purchasable","15":"product-type-variable"},"_links":{"self":[{"href":"https:\/\/www.tuvendes.com.ar\/demo\/wp-json\/wp\/v2\/product\/16664","targetHints":{"allow":["GET"]}}],"collection":[{"href":"https:\/\/www.tuvendes.com.ar\/demo\/wp-json\/wp\/v2\/product"}],"about":[{"href":"https:\/\/www.tuvendes.com.ar\/demo\/wp-json\/wp\/v2\/types\/product"}],"wp:featuredmedia":[{"embeddable":true,"href":"https:\/\/www.tuvendes.com.ar\/demo\/wp-json\/wp\/v2\/media\/16668"}],"wp:attachment":[{"href":"https:\/\/www.tuvendes.com.ar\/demo\/wp-json\/wp\/v2\/media?parent=16664"}],"wp:term":[{"taxonomy":"product_brand","embeddable":true,"href":"https:\/\/www.tuvendes.com.ar\/demo\/wp-json\/wp\/v2\/product_brand?post=16664"},{"taxonomy":"product_cat","embeddable":true,"href":"https:\/\/www.tuvendes.com.ar\/demo\/wp-json\/wp\/v2\/product_cat?post=16664"},{"taxonomy":"product_tag","embeddable":true,"href":"https:\/\/www.tuvendes.com.ar\/demo\/wp-json\/wp\/v2\/product_tag?post=16664"}],"curies":[{"name":"wp","href":"https:\/\/api.w.org\/{rel}","templated":true}]}}