{"id":17349,"date":"2025-01-20T23:11:58","date_gmt":"2025-01-20T23:11:58","guid":{"rendered":"https:\/\/www.tuvendes.com.ar\/demo\/producto\/cartuchera-school-colors\/"},"modified":"2026-04-17T20:11:59","modified_gmt":"2026-04-17T20:11:59","slug":"cartuchera-school-colors","status":"publish","type":"product","link":"https:\/\/www.tuvendes.com.ar\/demo\/producto\/cartuchera-school-colors\/","title":{"rendered":"Cartuchera School Colors"},"content":{"rendered":"<p>Cartuchera fabricada en poli\u00e9ster 600D. El cierre hace juego con las asas. F\u00e1cil apertura. Ideal para guardar y transportar l\u00e1pices.<\/p>\n","protected":false},"excerpt":{"rendered":"<p>Cartuchera fabricada en poli\u00e9ster 600D. El cierre hace juego con las asas. F\u00e1cil apertura. Ideal para guardar y transportar l\u00e1pices.<\/p>\n","protected":false},"featured_media":17357,"template":"","meta":[],"product_brand":[],"product_cat":[1829,1761],"product_tag":[],"class_list":{"0":"post-17349","1":"product","2":"type-product","3":"status-publish","4":"has-post-thumbnail","6":"product_cat-escolares","7":"product_cat-escritura","9":"first","10":"instock","11":"shipping-taxable","12":"purchasable","13":"product-type-variable"},"_links":{"self":[{"href":"https:\/\/www.tuvendes.com.ar\/demo\/wp-json\/wp\/v2\/product\/17349","targetHints":{"allow":["GET"]}}],"collection":[{"href":"https:\/\/www.tuvendes.com.ar\/demo\/wp-json\/wp\/v2\/product"}],"about":[{"href":"https:\/\/www.tuvendes.com.ar\/demo\/wp-json\/wp\/v2\/types\/product"}],"wp:featuredmedia":[{"embeddable":true,"href":"https:\/\/www.tuvendes.com.ar\/demo\/wp-json\/wp\/v2\/media\/17357"}],"wp:attachment":[{"href":"https:\/\/www.tuvendes.com.ar\/demo\/wp-json\/wp\/v2\/media?parent=17349"}],"wp:term":[{"taxonomy":"product_brand","embeddable":true,"href":"https:\/\/www.tuvendes.com.ar\/demo\/wp-json\/wp\/v2\/product_brand?post=17349"},{"taxonomy":"product_cat","embeddable":true,"href":"https:\/\/www.tuvendes.com.ar\/demo\/wp-json\/wp\/v2\/product_cat?post=17349"},{"taxonomy":"product_tag","embeddable":true,"href":"https:\/\/www.tuvendes.com.ar\/demo\/wp-json\/wp\/v2\/product_tag?post=17349"}],"curies":[{"name":"wp","href":"https:\/\/api.w.org\/{rel}","templated":true}]}}