{"id":17668,"date":"2025-01-20T23:13:51","date_gmt":"2025-01-20T23:13:51","guid":{"rendered":"https:\/\/www.tuvendes.com.ar\/demo\/producto\/contigo-tumbler-streeterville-710ml\/"},"modified":"2026-04-30T21:05:33","modified_gmt":"2026-04-30T21:05:33","slug":"contigo-tumbler-streeterville-710ml","status":"publish","type":"product","link":"https:\/\/www.tuvendes.com.ar\/demo\/producto\/contigo-tumbler-streeterville-710ml\/","title":{"rendered":"Contigo Tumbler Streeterville 710ml"},"content":{"rendered":"<p>Dos formas de beber: sorbete de polietileno para bebidas fr\u00edas y tapa corrediza incorporada para beber bebidas calientes.\u00a0Tapa a prueba de salpicaduras cuando est\u00e1 cerrada.Base con agarre antideslizante.<br \/>\nIncluye sorbete. Libre de BPA.\u00a0<br \/>\nF\u00e1cil de limpiar. Apto lavavajillas.<br \/>\nF\u00e1cil de transportar. Apto para portavaso del auto.*El producto presenta el logo de Contigo al frente y al dorso.<br \/>\nMaterial: Acero inoxidable con aislamiento al vac\u00edo. Mantiene tus bebidas calientes hasta 8hs en los d\u00edas m\u00e1s fr\u00edos y fr\u00edas hasta 24hs en los d\u00edas m\u00e1s calurosos sin sudor ni condensaci\u00f3n.\u00a0Capacidad: 710ml. \/ 24oz. (2205008)<\/p>\n","protected":false},"excerpt":{"rendered":"<p>Dos formas de beber: sorbete de polietileno para bebidas fr\u00edas y tapa corrediza incorporada para beber bebidas calientes.\u00a0Tapa a prueba<\/p>\n","protected":false},"featured_media":17669,"template":"","meta":[],"product_brand":[1887],"product_cat":[1752,1831],"product_tag":[],"class_list":{"0":"post-17668","1":"product","2":"type-product","3":"status-publish","4":"has-post-thumbnail","6":"product_brand-contigo","7":"product_cat-drinkware","8":"product_cat-vasos-termicos","10":"first","11":"instock","12":"shipping-taxable","13":"purchasable","14":"product-type-variable"},"_links":{"self":[{"href":"https:\/\/www.tuvendes.com.ar\/demo\/wp-json\/wp\/v2\/product\/17668","targetHints":{"allow":["GET"]}}],"collection":[{"href":"https:\/\/www.tuvendes.com.ar\/demo\/wp-json\/wp\/v2\/product"}],"about":[{"href":"https:\/\/www.tuvendes.com.ar\/demo\/wp-json\/wp\/v2\/types\/product"}],"wp:featuredmedia":[{"embeddable":true,"href":"https:\/\/www.tuvendes.com.ar\/demo\/wp-json\/wp\/v2\/media\/17669"}],"wp:attachment":[{"href":"https:\/\/www.tuvendes.com.ar\/demo\/wp-json\/wp\/v2\/media?parent=17668"}],"wp:term":[{"taxonomy":"product_brand","embeddable":true,"href":"https:\/\/www.tuvendes.com.ar\/demo\/wp-json\/wp\/v2\/product_brand?post=17668"},{"taxonomy":"product_cat","embeddable":true,"href":"https:\/\/www.tuvendes.com.ar\/demo\/wp-json\/wp\/v2\/product_cat?post=17668"},{"taxonomy":"product_tag","embeddable":true,"href":"https:\/\/www.tuvendes.com.ar\/demo\/wp-json\/wp\/v2\/product_tag?post=17668"}],"curies":[{"name":"wp","href":"https:\/\/api.w.org\/{rel}","templated":true}]}}