{"id":17673,"date":"2025-01-20T23:13:52","date_gmt":"2025-01-20T23:13:52","guid":{"rendered":"https:\/\/www.tuvendes.com.ar\/demo\/producto\/mochila-eco-nordica\/"},"modified":"2026-04-29T21:25:06","modified_gmt":"2026-04-29T21:25:06","slug":"mochila-eco-nordica","status":"publish","type":"product","link":"https:\/\/www.tuvendes.com.ar\/demo\/producto\/mochila-eco-nordica\/","title":{"rendered":"Mochila Eco N\u00f3rdica"},"content":{"rendered":"<p>Fabricada en un 95,3% de materiales sustentables, la mochila Eco N\u00f3rdica est\u00e1 hecha con lona de algod\u00f3n reciclado (450g\/m2).\u00a0<br \/>\nCapacidad de 18 litros. Cuenta con 2 asas colocadas para mayor comodidad y correas para los hombros, confeccionadas en rPet. Cuenta con bolsillo delantero y compartimento principal.<\/p>\n","protected":false},"excerpt":{"rendered":"<p>Fabricada en un 95,3% de materiales sustentables, la mochila Eco N\u00f3rdica est\u00e1 hecha con lona de algod\u00f3n reciclado (450g\/m2).\u00a0 Capacidad<\/p>\n","protected":false},"featured_media":17680,"template":"","meta":[],"product_brand":[],"product_cat":[1841,1825,1572],"product_tag":[],"class_list":{"0":"post-17673","1":"product","2":"type-product","3":"status-publish","4":"has-post-thumbnail","6":"product_cat-ecologicos","7":"product_cat-mochilas-bolsos","8":"product_cat-mochilas","10":"first","11":"instock","12":"shipping-taxable","13":"purchasable","14":"product-type-variable"},"_links":{"self":[{"href":"https:\/\/www.tuvendes.com.ar\/demo\/wp-json\/wp\/v2\/product\/17673","targetHints":{"allow":["GET"]}}],"collection":[{"href":"https:\/\/www.tuvendes.com.ar\/demo\/wp-json\/wp\/v2\/product"}],"about":[{"href":"https:\/\/www.tuvendes.com.ar\/demo\/wp-json\/wp\/v2\/types\/product"}],"wp:featuredmedia":[{"embeddable":true,"href":"https:\/\/www.tuvendes.com.ar\/demo\/wp-json\/wp\/v2\/media\/17680"}],"wp:attachment":[{"href":"https:\/\/www.tuvendes.com.ar\/demo\/wp-json\/wp\/v2\/media?parent=17673"}],"wp:term":[{"taxonomy":"product_brand","embeddable":true,"href":"https:\/\/www.tuvendes.com.ar\/demo\/wp-json\/wp\/v2\/product_brand?post=17673"},{"taxonomy":"product_cat","embeddable":true,"href":"https:\/\/www.tuvendes.com.ar\/demo\/wp-json\/wp\/v2\/product_cat?post=17673"},{"taxonomy":"product_tag","embeddable":true,"href":"https:\/\/www.tuvendes.com.ar\/demo\/wp-json\/wp\/v2\/product_tag?post=17673"}],"curies":[{"name":"wp","href":"https:\/\/api.w.org\/{rel}","templated":true}]}}