{"id":17750,"date":"2025-01-20T23:14:14","date_gmt":"2025-01-20T23:14:14","guid":{"rendered":"https:\/\/www.tuvendes.com.ar\/demo\/producto\/boligrafo-stylus-touch\/"},"modified":"2026-04-29T21:16:42","modified_gmt":"2026-04-29T21:16:42","slug":"boligrafo-stylus-touch","status":"publish","type":"product","link":"https:\/\/www.tuvendes.com.ar\/demo\/producto\/boligrafo-stylus-touch\/","title":{"rendered":"Bol\u00edgrafo Stylus Touch"},"content":{"rendered":"<p>Bol\u00edgrafo cuerpo de aluminio con acabado mate, base color plateada para impresi\u00f3n l\u00e1ser. Clip met\u00e1lico en negro y con touch del color del cuerpo. Medio giro. Tinta negra. Trazo: 1.0 mm<\/p>\n","protected":false},"excerpt":{"rendered":"<p>Bol\u00edgrafo cuerpo de aluminio con acabado mate, base color plateada para impresi\u00f3n l\u00e1ser. Clip met\u00e1lico en negro y con touch<\/p>\n","protected":false},"featured_media":46872,"template":"","meta":[],"product_brand":[],"product_cat":[1843,1761],"product_tag":[],"class_list":{"0":"post-17750","1":"product","2":"type-product","3":"status-publish","4":"has-post-thumbnail","6":"product_cat-boligrafos-metalicos","7":"product_cat-escritura","9":"first","10":"instock","11":"shipping-taxable","12":"purchasable","13":"product-type-variable"},"_links":{"self":[{"href":"https:\/\/www.tuvendes.com.ar\/demo\/wp-json\/wp\/v2\/product\/17750","targetHints":{"allow":["GET"]}}],"collection":[{"href":"https:\/\/www.tuvendes.com.ar\/demo\/wp-json\/wp\/v2\/product"}],"about":[{"href":"https:\/\/www.tuvendes.com.ar\/demo\/wp-json\/wp\/v2\/types\/product"}],"wp:featuredmedia":[{"embeddable":true,"href":"https:\/\/www.tuvendes.com.ar\/demo\/wp-json\/wp\/v2\/media\/46872"}],"wp:attachment":[{"href":"https:\/\/www.tuvendes.com.ar\/demo\/wp-json\/wp\/v2\/media?parent=17750"}],"wp:term":[{"taxonomy":"product_brand","embeddable":true,"href":"https:\/\/www.tuvendes.com.ar\/demo\/wp-json\/wp\/v2\/product_brand?post=17750"},{"taxonomy":"product_cat","embeddable":true,"href":"https:\/\/www.tuvendes.com.ar\/demo\/wp-json\/wp\/v2\/product_cat?post=17750"},{"taxonomy":"product_tag","embeddable":true,"href":"https:\/\/www.tuvendes.com.ar\/demo\/wp-json\/wp\/v2\/product_tag?post=17750"}],"curies":[{"name":"wp","href":"https:\/\/api.w.org\/{rel}","templated":true}]}}