{"id":23557,"date":"2025-04-28T14:43:50","date_gmt":"2025-04-28T14:43:50","guid":{"rendered":"https:\/\/www.tuvendes.com.ar\/demo\/producto\/jarro-breeze\/"},"modified":"2026-04-17T20:10:50","modified_gmt":"2026-04-17T20:10:50","slug":"jarro-breeze","status":"publish","type":"product","link":"https:\/\/www.tuvendes.com.ar\/demo\/producto\/jarro-breeze\/","title":{"rendered":"Jarro Breeze"},"content":{"rendered":"<p>Jarro fabricado en PP, un material resistente y duradero. Cuenta con tapa antiderrame, permitiendo un uso seguro y vers\u00e1til, ya que puede utilizarse con o sin ella seg\u00fan tu preferencia.<br \/>\nCon una capacidad de 300 ml, lo hace ideal para caf\u00e9, t\u00e9 o cualquier infusi\u00f3n. Imprescindible para el d\u00eda a d\u00eda, ya sea en casa, en la oficina o en movimiento.<\/p>\n<p>No es apto para lavavajillas. No es apto para microondas.<\/p>\n<p>Tahg.<\/p>\n","protected":false},"excerpt":{"rendered":"<p>Jarro fabricado en PP, un material resistente y duradero. Cuenta con tapa antiderrame, permitiendo un uso seguro y vers\u00e1til, ya<\/p>\n","protected":false},"featured_media":43067,"template":"","meta":[],"product_brand":[1891],"product_cat":[1758,1752],"product_tag":[],"class_list":{"0":"post-23557","1":"product","2":"type-product","3":"status-publish","4":"has-post-thumbnail","6":"product_brand-tahg","7":"product_cat-2026-reingresos","8":"product_cat-drinkware","9":"pa_variant-negro-poliestileno","11":"first","12":"instock","13":"shipping-taxable","14":"purchasable","15":"product-type-variable"},"_links":{"self":[{"href":"https:\/\/www.tuvendes.com.ar\/demo\/wp-json\/wp\/v2\/product\/23557","targetHints":{"allow":["GET"]}}],"collection":[{"href":"https:\/\/www.tuvendes.com.ar\/demo\/wp-json\/wp\/v2\/product"}],"about":[{"href":"https:\/\/www.tuvendes.com.ar\/demo\/wp-json\/wp\/v2\/types\/product"}],"wp:featuredmedia":[{"embeddable":true,"href":"https:\/\/www.tuvendes.com.ar\/demo\/wp-json\/wp\/v2\/media\/43067"}],"wp:attachment":[{"href":"https:\/\/www.tuvendes.com.ar\/demo\/wp-json\/wp\/v2\/media?parent=23557"}],"wp:term":[{"taxonomy":"product_brand","embeddable":true,"href":"https:\/\/www.tuvendes.com.ar\/demo\/wp-json\/wp\/v2\/product_brand?post=23557"},{"taxonomy":"product_cat","embeddable":true,"href":"https:\/\/www.tuvendes.com.ar\/demo\/wp-json\/wp\/v2\/product_cat?post=23557"},{"taxonomy":"product_tag","embeddable":true,"href":"https:\/\/www.tuvendes.com.ar\/demo\/wp-json\/wp\/v2\/product_tag?post=23557"}],"curies":[{"name":"wp","href":"https:\/\/api.w.org\/{rel}","templated":true}]}}