{"id":31090,"date":"2025-07-01T13:04:34","date_gmt":"2025-07-01T13:04:34","guid":{"rendered":"https:\/\/www.tuvendes.com.ar\/demo\/producto\/mochila-beckum\/"},"modified":"2026-05-01T10:15:52","modified_gmt":"2026-05-01T10:15:52","slug":"mochila-beckum","status":"publish","type":"product","link":"https:\/\/www.tuvendes.com.ar\/demo\/producto\/mochila-beckum\/","title":{"rendered":"Mochila Beckum"},"content":{"rendered":"<p>Mochila urbana hecha a base de poli\u00e9ster reciclado 450D. Cuenta con un compartimento principal amplio, solapa con broches met\u00e1licos, correas ajustables y un dise\u00f1o bicolor moderno. En su interior cuenta con un espacio para PC, otro para tablet, dos bolsillos peque\u00f1os sin cierre y dos para lapiceras. Incluye cinta para ser transportada junto con valija carry on. Ideal para levar todo lo necesario al trabajo, universidad o salidas diarias con estilo y comodidad.  <\/p>\n<p>Capacidad: 12 lts.<\/p>\n<p>Wagner.<\/p>\n<p>Dimensiones<\/p>\n<p>Del producto:<br \/>\n 10x29x43 cm.<br \/>\n Peso unitario: 717 g.<br \/>\n Empaque individual: A granel.<\/p>\n<p>Del empaque:<br \/>\n 36x45x54 cm.<br \/>\n Peso unitario: 7170 g.<br \/>\n Unidades por caja: 10.<\/p>\n","protected":false},"excerpt":{"rendered":"<p>Mochila urbana hecha a base de poli\u00e9ster reciclado 450D. Cuenta con un compartimento principal amplio, solapa con broches met\u00e1licos, correas<\/p>\n","protected":false},"featured_media":43665,"template":"","meta":[],"product_brand":[1892],"product_cat":[1757,1772],"product_tag":[],"class_list":{"0":"post-31090","1":"product","2":"type-product","3":"status-publish","4":"has-post-thumbnail","6":"product_brand-wagner","7":"product_cat-bolsos-y-mochilas","8":"product_cat-viajes","9":"pa_variant-gris-oscuro-negro-poliestileno","11":"first","12":"instock","13":"shipping-taxable","14":"purchasable","15":"product-type-variable"},"_links":{"self":[{"href":"https:\/\/www.tuvendes.com.ar\/demo\/wp-json\/wp\/v2\/product\/31090","targetHints":{"allow":["GET"]}}],"collection":[{"href":"https:\/\/www.tuvendes.com.ar\/demo\/wp-json\/wp\/v2\/product"}],"about":[{"href":"https:\/\/www.tuvendes.com.ar\/demo\/wp-json\/wp\/v2\/types\/product"}],"wp:featuredmedia":[{"embeddable":true,"href":"https:\/\/www.tuvendes.com.ar\/demo\/wp-json\/wp\/v2\/media\/43665"}],"wp:attachment":[{"href":"https:\/\/www.tuvendes.com.ar\/demo\/wp-json\/wp\/v2\/media?parent=31090"}],"wp:term":[{"taxonomy":"product_brand","embeddable":true,"href":"https:\/\/www.tuvendes.com.ar\/demo\/wp-json\/wp\/v2\/product_brand?post=31090"},{"taxonomy":"product_cat","embeddable":true,"href":"https:\/\/www.tuvendes.com.ar\/demo\/wp-json\/wp\/v2\/product_cat?post=31090"},{"taxonomy":"product_tag","embeddable":true,"href":"https:\/\/www.tuvendes.com.ar\/demo\/wp-json\/wp\/v2\/product_tag?post=31090"}],"curies":[{"name":"wp","href":"https:\/\/api.w.org\/{rel}","templated":true}]}}