{"id":31230,"date":"2025-07-08T18:29:12","date_gmt":"2025-07-08T18:29:12","guid":{"rendered":"https:\/\/www.tuvendes.com.ar\/demo\/producto\/bolsa-nature-standard-100-reciclada\/"},"modified":"2026-04-17T20:10:56","modified_gmt":"2026-04-17T20:10:56","slug":"bolsa-nature-standard-100-reciclada","status":"publish","type":"product","link":"https:\/\/www.tuvendes.com.ar\/demo\/producto\/bolsa-nature-standard-100-reciclada\/","title":{"rendered":"Bolsa Nature Standard &#8211; 100% Reciclada"},"content":{"rendered":"<p>Bolsa fabricada con materiales reciclados: 70% algod\u00f3n reciclado y 30% poli\u00e9ster reciclado (rPET), con un gramaje de 140 g\/m\u00b2. Cuenta con asas de 60 cm de largo. El algod\u00f3n reciclado conserva su color natural, ya que no se somete a procesos de te\u00f1ido ni blanqueo, lo que reduce el uso de productos qu\u00edmicos y el impacto ambiental.<\/p>\n","protected":false},"excerpt":{"rendered":"<p>Bolsa fabricada con materiales reciclados: 70% algod\u00f3n reciclado y 30% poli\u00e9ster reciclado (rPET), con un gramaje de 140 g\/m\u00b2. Cuenta<\/p>\n","protected":false},"featured_media":31231,"template":"","meta":[],"product_brand":[],"product_cat":[1826,1825],"product_tag":[],"class_list":{"0":"post-31230","1":"product","2":"type-product","3":"status-publish","4":"has-post-thumbnail","6":"product_cat-bolsas","7":"product_cat-mochilas-bolsos","9":"first","10":"instock","11":"shipping-taxable","12":"purchasable","13":"product-type-variable"},"_links":{"self":[{"href":"https:\/\/www.tuvendes.com.ar\/demo\/wp-json\/wp\/v2\/product\/31230","targetHints":{"allow":["GET"]}}],"collection":[{"href":"https:\/\/www.tuvendes.com.ar\/demo\/wp-json\/wp\/v2\/product"}],"about":[{"href":"https:\/\/www.tuvendes.com.ar\/demo\/wp-json\/wp\/v2\/types\/product"}],"wp:featuredmedia":[{"embeddable":true,"href":"https:\/\/www.tuvendes.com.ar\/demo\/wp-json\/wp\/v2\/media\/31231"}],"wp:attachment":[{"href":"https:\/\/www.tuvendes.com.ar\/demo\/wp-json\/wp\/v2\/media?parent=31230"}],"wp:term":[{"taxonomy":"product_brand","embeddable":true,"href":"https:\/\/www.tuvendes.com.ar\/demo\/wp-json\/wp\/v2\/product_brand?post=31230"},{"taxonomy":"product_cat","embeddable":true,"href":"https:\/\/www.tuvendes.com.ar\/demo\/wp-json\/wp\/v2\/product_cat?post=31230"},{"taxonomy":"product_tag","embeddable":true,"href":"https:\/\/www.tuvendes.com.ar\/demo\/wp-json\/wp\/v2\/product_tag?post=31230"}],"curies":[{"name":"wp","href":"https:\/\/api.w.org\/{rel}","templated":true}]}}