{"id":31318,"date":"2025-07-16T16:36:02","date_gmt":"2025-07-16T16:36:02","guid":{"rendered":"https:\/\/www.tuvendes.com.ar\/demo\/producto\/chaleco-stream-men\/"},"modified":"2026-04-20T16:15:24","modified_gmt":"2026-04-20T16:15:24","slug":"chaleco-stream-men","status":"publish","type":"product","link":"https:\/\/www.tuvendes.com.ar\/demo\/producto\/chaleco-stream-men\/","title":{"rendered":"CHALECO STREAM MEN"},"content":{"rendered":"<p>Chaleco ligero para hombre confeccionado en tafet\u00e1n 280T. El tejido exterior y forro est\u00e1n fabricados 100% en poli\u00e9ster, con relleno tipo plum\u00f3n 100% poli\u00e9ster. Cuenta con abertura y bolsillos laterales con cierre de nylon, cursor de metal con tirador de fantas\u00eda negro, cuello alto y terminaciones el\u00e1sticas en la parte inferior y en las sisas para un mejor ajuste. Incluye bolsa para guardar la prenda. Es ideal para uso urbano, actividades al aire libre en climas frescos y como abrigo liviano para media estaci\u00f3n. <\/p>\n<p>CERTIFICACI\u00d3N: PETA-Approved Vegan y OEKO-TEX Standard 100.<br \/>\nRECOMENDACIONES DE USO: Lavar a m\u00e1quina a 40\u00b0. No lavar en seco. No blanquear. No planchar. No secar en m\u00e1quina.<\/p>\n<p>Dado que el bordado se realiza directamente sobre la prenda, su cara interna exhibir\u00e1 parte de la estructura del dise\u00f1o.  <\/p>\n<p>Sol\u00b4s<\/p>\n","protected":false},"excerpt":{"rendered":"<p>Chaleco ligero para hombre confeccionado en tafet\u00e1n 280T. El tejido exterior y forro est\u00e1n fabricados 100% en poli\u00e9ster, con relleno<\/p>\n","protected":false},"featured_media":43278,"template":"","meta":[],"product_brand":[1902],"product_cat":[1766,1781],"product_tag":[],"class_list":{"0":"post-31318","1":"product","2":"type-product","3":"status-publish","4":"has-post-thumbnail","6":"product_brand-sols","7":"product_cat-apparel","8":"product_cat-apparel-abrigo","10":"first","11":"instock","12":"shipping-taxable","13":"purchasable","14":"product-type-variable"},"_links":{"self":[{"href":"https:\/\/www.tuvendes.com.ar\/demo\/wp-json\/wp\/v2\/product\/31318","targetHints":{"allow":["GET"]}}],"collection":[{"href":"https:\/\/www.tuvendes.com.ar\/demo\/wp-json\/wp\/v2\/product"}],"about":[{"href":"https:\/\/www.tuvendes.com.ar\/demo\/wp-json\/wp\/v2\/types\/product"}],"wp:featuredmedia":[{"embeddable":true,"href":"https:\/\/www.tuvendes.com.ar\/demo\/wp-json\/wp\/v2\/media\/43278"}],"wp:attachment":[{"href":"https:\/\/www.tuvendes.com.ar\/demo\/wp-json\/wp\/v2\/media?parent=31318"}],"wp:term":[{"taxonomy":"product_brand","embeddable":true,"href":"https:\/\/www.tuvendes.com.ar\/demo\/wp-json\/wp\/v2\/product_brand?post=31318"},{"taxonomy":"product_cat","embeddable":true,"href":"https:\/\/www.tuvendes.com.ar\/demo\/wp-json\/wp\/v2\/product_cat?post=31318"},{"taxonomy":"product_tag","embeddable":true,"href":"https:\/\/www.tuvendes.com.ar\/demo\/wp-json\/wp\/v2\/product_tag?post=31318"}],"curies":[{"name":"wp","href":"https:\/\/api.w.org\/{rel}","templated":true}]}}