{"id":32098,"date":"2025-08-01T17:01:39","date_gmt":"2025-08-01T17:01:39","guid":{"rendered":"https:\/\/www.tuvendes.com.ar\/demo\/producto\/trust-nika-touch-auricular-bluetooth-white\/"},"modified":"2025-08-13T00:50:32","modified_gmt":"2025-08-13T00:50:32","slug":"trust-nika-touch-auricular-bluetooth-white","status":"publish","type":"product","link":"https:\/\/www.tuvendes.com.ar\/demo\/producto\/trust-nika-touch-auricular-bluetooth-white\/","title":{"rendered":"TRUST Nika Touch Auricular Bluetooth White"},"content":{"rendered":"<p>Auriculares totalmente inal\u00e1mbricos para disfrutar de la m\u00e1xima libertad (rango de 10 metros) &#8211; Dise\u00f1oPremium y moderno &#8211; Ajuste seguro y suave gracias a su fabricaci\u00f3n en silicona para llevar c\u00f3modamente durantetodo el d\u00eda &#8211; Reproducci\u00f3n de hasta 6 horas sin necesidad de recargas &#8211; Recarga en el interior del estuche para untotal de hasta 16 horas de reproducci\u00f3n mientras se est\u00e1 de viaje &#8211; Gestione todas las funciones importantes(siguiente\/anterior\/pausa\/reproducci\u00f3n\/asistente de voz) con tan solo tocar una vez &#8211; Realice una llamada detel\u00e9fono o acceda r\u00e1pidamente al asistente de voz mediante el micr\u00f3fono incorporadoLibertad de movimientoLos auriculares inal\u00e1mbricos Nika Touch de Trust ofrecen libertad de movimiento con un alcance inal\u00e1mbricoextralargo y funciones para cargarlos en cualquier lugar Y,gracias a su dise\u00f1o,no solo te mover\u00e1s con libertad,sino tambi\u00e9n con estilo.Escucha a distanciaCon un alcance inal\u00e1mbrico de 10 metros,los auriculares son compatibles incluso cuando est\u00e1s lejos deldispositivo Mu\u00e9vete libremente por la habitaci\u00f3n mientras el tel\u00e9fono se est\u00e1 cargando sin tener que poner enpausa la m\u00fasica.C\u00e1rgalos en cualquier sitioLos auriculares tienen un tiempo de reproducci\u00f3n de hasta 6 horas con una sola carga,pero la m\u00fasica no sedetiene all\u00ed El estuche incluido no sirve solo para transportar los auricularestambi\u00e9n funciona como cargadorsobre la marcha Solo tienes que colocar los auriculares en su interior y comenzar\u00e1n a cargarse,dando comoresultado un tiempo de reproducci\u00f3n total de hasta 16 horas.Elegantes y segurosCon su atractivo dise\u00f1o,los auriculares combinan un sonido excelente con una imagen fant\u00e1stica Con 2 taponesadicionales de diferentes tama\u00f1os,los tapones de silicona suave de los Nika Touch se adaptan a todas las orejas,por lo que se pueden llevar c\u00f3modamente durante todo el d\u00eda.El toque m\u00e1gicoCon los controles t\u00e1ctiles supraaurales,se accede a las funciones m\u00e1s importantes,como reproducir,pausar ysaltar canciones sin tener que manipular el dispositivo El micr\u00f3fono integrado tambi\u00e9n permite accederr\u00e1pidamente al asistente de voz del smartphone para realizar llamadas de manos libres.<\/p>\n","protected":false},"excerpt":{"rendered":"<p>Elegantes auriculares Bluetooth inal\u00e1mbricos con alcance inal\u00e1mbrico extralargo, para disfrutar de la m\u00e1xima libertad<\/p>\n","protected":false},"featured_media":32099,"template":"","meta":[],"product_brand":[],"product_cat":[1217],"product_tag":[],"class_list":{"0":"post-32098","1":"product","2":"type-product","3":"status-publish","4":"has-post-thumbnail","6":"product_cat-nuevo-import","8":"first","9":"instock","10":"shipping-taxable","11":"purchasable","12":"product-type-simple"},"_links":{"self":[{"href":"https:\/\/www.tuvendes.com.ar\/demo\/wp-json\/wp\/v2\/product\/32098","targetHints":{"allow":["GET"]}}],"collection":[{"href":"https:\/\/www.tuvendes.com.ar\/demo\/wp-json\/wp\/v2\/product"}],"about":[{"href":"https:\/\/www.tuvendes.com.ar\/demo\/wp-json\/wp\/v2\/types\/product"}],"wp:featuredmedia":[{"embeddable":true,"href":"https:\/\/www.tuvendes.com.ar\/demo\/wp-json\/wp\/v2\/media\/32099"}],"wp:attachment":[{"href":"https:\/\/www.tuvendes.com.ar\/demo\/wp-json\/wp\/v2\/media?parent=32098"}],"wp:term":[{"taxonomy":"product_brand","embeddable":true,"href":"https:\/\/www.tuvendes.com.ar\/demo\/wp-json\/wp\/v2\/product_brand?post=32098"},{"taxonomy":"product_cat","embeddable":true,"href":"https:\/\/www.tuvendes.com.ar\/demo\/wp-json\/wp\/v2\/product_cat?post=32098"},{"taxonomy":"product_tag","embeddable":true,"href":"https:\/\/www.tuvendes.com.ar\/demo\/wp-json\/wp\/v2\/product_tag?post=32098"}],"curies":[{"name":"wp","href":"https:\/\/api.w.org\/{rel}","templated":true}]}}