{"id":32134,"date":"2025-08-01T18:45:34","date_gmt":"2025-08-01T18:45:34","guid":{"rendered":"https:\/\/www.tuvendes.com.ar\/demo\/producto\/trust-cable-gxt-222-duo-charge-2-joystick-ps4-3-5mm\/"},"modified":"2025-08-13T00:49:38","modified_gmt":"2025-08-13T00:49:38","slug":"trust-cable-gxt-222-duo-charge-2-joystick-ps4-3-5mm","status":"publish","type":"product","link":"https:\/\/www.tuvendes.com.ar\/demo\/producto\/trust-cable-gxt-222-duo-charge-2-joystick-ps4-3-5mm\/","title":{"rendered":"TRUST Cable GXT 222 DUO Charge 2 Joystick PS4 3.5mm"},"content":{"rendered":"<p>Caracter\u00edsticas- Cable de 3,5 m para garantizar libertad de movimiento- Utilice solo 1 puerto USB para cargar 2 controladores de juego- Cargue sus mandos mientras juega- Cable flexible y duradero- Tambi\u00e9n carga cuando la consola est\u00e1 en modo en espera- Admite modo de carga r\u00e1pida<\/p>\n","protected":false},"excerpt":{"rendered":"<p>Cable de 3,5 m duradero, que le permite cargar hasta 2 controladores de juegos simult\u00e1neamente mientras juega<\/p>\n","protected":false},"featured_media":32135,"template":"","meta":[],"product_brand":[],"product_cat":[1217],"product_tag":[],"class_list":{"0":"post-32134","1":"product","2":"type-product","3":"status-publish","4":"has-post-thumbnail","6":"product_cat-nuevo-import","8":"first","9":"instock","10":"shipping-taxable","11":"purchasable","12":"product-type-simple"},"_links":{"self":[{"href":"https:\/\/www.tuvendes.com.ar\/demo\/wp-json\/wp\/v2\/product\/32134","targetHints":{"allow":["GET"]}}],"collection":[{"href":"https:\/\/www.tuvendes.com.ar\/demo\/wp-json\/wp\/v2\/product"}],"about":[{"href":"https:\/\/www.tuvendes.com.ar\/demo\/wp-json\/wp\/v2\/types\/product"}],"wp:featuredmedia":[{"embeddable":true,"href":"https:\/\/www.tuvendes.com.ar\/demo\/wp-json\/wp\/v2\/media\/32135"}],"wp:attachment":[{"href":"https:\/\/www.tuvendes.com.ar\/demo\/wp-json\/wp\/v2\/media?parent=32134"}],"wp:term":[{"taxonomy":"product_brand","embeddable":true,"href":"https:\/\/www.tuvendes.com.ar\/demo\/wp-json\/wp\/v2\/product_brand?post=32134"},{"taxonomy":"product_cat","embeddable":true,"href":"https:\/\/www.tuvendes.com.ar\/demo\/wp-json\/wp\/v2\/product_cat?post=32134"},{"taxonomy":"product_tag","embeddable":true,"href":"https:\/\/www.tuvendes.com.ar\/demo\/wp-json\/wp\/v2\/product_tag?post=32134"}],"curies":[{"name":"wp","href":"https:\/\/api.w.org\/{rel}","templated":true}]}}