{"id":32144,"date":"2025-08-01T18:45:42","date_gmt":"2025-08-01T18:45:42","guid":{"rendered":"https:\/\/www.tuvendes.com.ar\/demo\/producto\/trust-avonn-teclado-gaming-usb-rainbow-led-gxt-830rw\/"},"modified":"2025-08-13T18:39:43","modified_gmt":"2025-08-13T18:39:43","slug":"trust-avonn-teclado-gaming-usb-rainbow-led-gxt-830rw","status":"publish","type":"product","link":"https:\/\/www.tuvendes.com.ar\/demo\/producto\/trust-avonn-teclado-gaming-usb-rainbow-led-gxt-830rw\/","title":{"rendered":"TRUST Avonn Teclado Gaming USB Rainbow Led GXT 830RW"},"content":{"rendered":"<p>Caracter\u00edsticas- Dise\u00f1o de tama\u00f1o completo- Iluminaci\u00f3n Rainbow Wave con nivel de brillo ajustable- Sin efecto fantasmaHasta 6 pulsaciones de teclas simult\u00e1neas- 12 teclas multimedia de acceso directo- Interruptor de modo de juegodesactive la tecla de Windows directamente<\/p>\n","protected":false},"excerpt":{"rendered":"<p>Teclado para juegos de tama\u00f1o completo, con iluminaci\u00f3n Rainbow Wave y 12 teclas multimedia<\/p>\n","protected":false},"featured_media":32145,"template":"","meta":[],"product_brand":[],"product_cat":[1217],"product_tag":[],"class_list":{"0":"post-32144","1":"product","2":"type-product","3":"status-publish","4":"has-post-thumbnail","6":"product_cat-nuevo-import","8":"first","9":"instock","10":"shipping-taxable","11":"purchasable","12":"product-type-simple"},"_links":{"self":[{"href":"https:\/\/www.tuvendes.com.ar\/demo\/wp-json\/wp\/v2\/product\/32144","targetHints":{"allow":["GET"]}}],"collection":[{"href":"https:\/\/www.tuvendes.com.ar\/demo\/wp-json\/wp\/v2\/product"}],"about":[{"href":"https:\/\/www.tuvendes.com.ar\/demo\/wp-json\/wp\/v2\/types\/product"}],"wp:featuredmedia":[{"embeddable":true,"href":"https:\/\/www.tuvendes.com.ar\/demo\/wp-json\/wp\/v2\/media\/32145"}],"wp:attachment":[{"href":"https:\/\/www.tuvendes.com.ar\/demo\/wp-json\/wp\/v2\/media?parent=32144"}],"wp:term":[{"taxonomy":"product_brand","embeddable":true,"href":"https:\/\/www.tuvendes.com.ar\/demo\/wp-json\/wp\/v2\/product_brand?post=32144"},{"taxonomy":"product_cat","embeddable":true,"href":"https:\/\/www.tuvendes.com.ar\/demo\/wp-json\/wp\/v2\/product_cat?post=32144"},{"taxonomy":"product_tag","embeddable":true,"href":"https:\/\/www.tuvendes.com.ar\/demo\/wp-json\/wp\/v2\/product_tag?post=32144"}],"curies":[{"name":"wp","href":"https:\/\/api.w.org\/{rel}","templated":true}]}}