{"id":32186,"date":"2025-08-01T18:46:15","date_gmt":"2025-08-01T18:46:15","guid":{"rendered":"https:\/\/www.tuvendes.com.ar\/demo\/producto\/trust-mico-microfono-usb-3-5mm\/"},"modified":"2025-08-13T18:39:43","modified_gmt":"2025-08-13T18:39:43","slug":"trust-mico-microfono-usb-3-5mm","status":"publish","type":"product","link":"https:\/\/www.tuvendes.com.ar\/demo\/producto\/trust-mico-microfono-usb-3-5mm\/","title":{"rendered":"TRUST Mico Microfono USB-3.5mm"},"content":{"rendered":"<p>Micr\u00f3fono multifuncional para videochats,podcasts,vlogs o transmisiones de gaming &#8211; Conectividad doble paracualquier ordenador de sobremesa o port\u00e1tilse puede elegir entre la clavija de 3,5 mm o un conector USB -Adaptador USB para audio digital de alta calidad y sin distorsiones &#8211; \u00c1ngulo ajustableconsiga la mejor posici\u00f3npara capturar la voz &#8211; Su cable de 1,8 m ofrece varias opciones de colocaci\u00f3nVlogger,cantante,gamer o simplemente le encanta chatear con sus amigos todo el d\u00edaNo hayduda\u00a1necesita un buen micr\u00f3fonoCon el micr\u00f3fono Mico puede grabar f\u00e1cilmente y conectarse con el resto delmundo.Para PC y ordenador port\u00e1tilEl Mico incluye una conexi\u00f3n de 3,5 mm y una conexi\u00f3n USB,compatible con cualquier PC u ordenador port\u00e1til.Enchufe el cable con clavija de 3,5 mm o USB y ya podr\u00e1 comenzar a hablar,cantar o grabar de inmediato ElMico est\u00e1 equipado con un tr\u00edpode sobre el cual se puede colocar Este tr\u00edpode se suministra en una sola pieza,de modo que no es necesario montar nada Ajuste el \u00e1ngulo del Mico para ponerlo en la posici\u00f3n que prefiera.\u00bfPrefiere quiz\u00e1 la libertad de movimientosEl Mico tambi\u00e9n puede utilizarse sin tr\u00edpode simplemente sosteniendoel micr\u00f3fono en la mano El cable de 180 cm del micr\u00f3fono Mico le permite actuar,bailar y montar su propiafiesta.Cancelaci\u00f3n del ruidoSi sos vlogger o cantante,la caracter\u00edstica de anulaci\u00f3n de ruido del Mico permite crear un gran tema o v\u00eddeomusical sin necesidad de ediciones posteriores Con el Mico solo es necesaria una grabaci\u00f3n para conseguir unacalidad de sonido alta y clara.<\/p>\n","protected":false},"excerpt":{"rendered":"<p>Micr\u00f3fono USB de gran rendimiento, dotado de tr\u00edpode, funciona con conexiones de 3,5 mm y USB<\/p>\n","protected":false},"featured_media":32187,"template":"","meta":[],"product_brand":[],"product_cat":[1217],"product_tag":[],"class_list":{"0":"post-32186","1":"product","2":"type-product","3":"status-publish","4":"has-post-thumbnail","6":"product_cat-nuevo-import","8":"first","9":"instock","10":"shipping-taxable","11":"purchasable","12":"product-type-simple"},"_links":{"self":[{"href":"https:\/\/www.tuvendes.com.ar\/demo\/wp-json\/wp\/v2\/product\/32186","targetHints":{"allow":["GET"]}}],"collection":[{"href":"https:\/\/www.tuvendes.com.ar\/demo\/wp-json\/wp\/v2\/product"}],"about":[{"href":"https:\/\/www.tuvendes.com.ar\/demo\/wp-json\/wp\/v2\/types\/product"}],"wp:featuredmedia":[{"embeddable":true,"href":"https:\/\/www.tuvendes.com.ar\/demo\/wp-json\/wp\/v2\/media\/32187"}],"wp:attachment":[{"href":"https:\/\/www.tuvendes.com.ar\/demo\/wp-json\/wp\/v2\/media?parent=32186"}],"wp:term":[{"taxonomy":"product_brand","embeddable":true,"href":"https:\/\/www.tuvendes.com.ar\/demo\/wp-json\/wp\/v2\/product_brand?post=32186"},{"taxonomy":"product_cat","embeddable":true,"href":"https:\/\/www.tuvendes.com.ar\/demo\/wp-json\/wp\/v2\/product_cat?post=32186"},{"taxonomy":"product_tag","embeddable":true,"href":"https:\/\/www.tuvendes.com.ar\/demo\/wp-json\/wp\/v2\/product_tag?post=32186"}],"curies":[{"name":"wp","href":"https:\/\/api.w.org\/{rel}","templated":true}]}}