{"id":32188,"date":"2025-08-01T18:46:17","date_gmt":"2025-08-01T18:46:17","guid":{"rendered":"https:\/\/www.tuvendes.com.ar\/demo\/producto\/trust-carus-auricular-gaming-multiplataforma-c-mic-gxt-322b-3-5mm\/"},"modified":"2025-08-13T00:50:36","modified_gmt":"2025-08-13T00:50:36","slug":"trust-carus-auricular-gaming-multiplataforma-c-mic-gxt-322b-3-5mm","status":"publish","type":"product","link":"https:\/\/www.tuvendes.com.ar\/demo\/producto\/trust-carus-auricular-gaming-multiplataforma-c-mic-gxt-322b-3-5mm\/","title":{"rendered":"TRUST Carus Auricular Gaming Multiplataforma C\/Mic GXT 322B 3.5mm"},"content":{"rendered":"<p>Caracter\u00edsticas- C\u00f3modas almohadillas para los o\u00eddos de malla para disfrutar de largas e intensas sesiones de juego- Micr\u00f3fono flexible y banda de la cabeza ajustable- Mando del volumen en el auricular y bot\u00f3n de silenciamiento del micr\u00f3fono- Sonido de gran calidad con bajos penetrantes- Cable de 1 m para consolas- Cable alargador de 1 m para PC\/ordenador port\u00e1tilIm\u00e1gen del producto Llevando el gaming al siguiente nivelLleva tus juegos al siguiente nivel con los GXT 322B Este juego de auriculares est\u00e1 espec\u00edficamente dise\u00f1ado para juegos de PlayStation y ofrece un sonido de gran calidad con unos graves profundos Simplemente conecta el cable y estar\u00e1s listo para disfrutar de todos los sonidos del gaming.C\u00f3modo dise\u00f1oLos GXT 322 est\u00e1n dise\u00f1ados para sesiones de juego intensas y prolongadas,facilitadas por sus almohadillas de malla para los o\u00eddos,muy c\u00f3modas.Las almohadillas se colocan y se adaptan perfectamente y contribuyen a anular cualquier posible ruido mientras juegas una batalla contra o con tus amigos.Conectar y jugarLos Carus tienen un cable de 1 m para conectarlo a tu PlayStation 4 Puedes alargar el cable incluido con el cable de 1 m para un uso f\u00e1cil con el ordenador o el port\u00e1til El control de volumen y el interruptor de silencio del micr\u00f3fono de los auriculares permiten controlar el sonido de una forma totalmente c\u00f3moda,para mantener la concentraci\u00f3n en todo momento.Micr\u00f3fono flexibleLos Carus incluyen un micr\u00f3fono,que recoge la voz f\u00e1cilmente mientras hablas con tus amigos El micr\u00f3fono puede doblarse hasta conseguir la posici\u00f3n m\u00e1s adecuada En las batallas importantes,\u00a1no te pierdas ni una palabra de lo que se est\u00e1 diciendo Compatibilidad- PC,laptop,PS4,PS5,Xbox,Switch<\/p>\n","protected":false},"excerpt":{"rendered":"<p>Auriculares para jugar a videojuegos acolchados con malla, con micr\u00f3fono flexible y potentes sonidos graves<\/p>\n","protected":false},"featured_media":32189,"template":"","meta":[],"product_brand":[],"product_cat":[1217],"product_tag":[],"class_list":{"0":"post-32188","1":"product","2":"type-product","3":"status-publish","4":"has-post-thumbnail","6":"product_cat-nuevo-import","8":"first","9":"instock","10":"shipping-taxable","11":"purchasable","12":"product-type-simple"},"_links":{"self":[{"href":"https:\/\/www.tuvendes.com.ar\/demo\/wp-json\/wp\/v2\/product\/32188","targetHints":{"allow":["GET"]}}],"collection":[{"href":"https:\/\/www.tuvendes.com.ar\/demo\/wp-json\/wp\/v2\/product"}],"about":[{"href":"https:\/\/www.tuvendes.com.ar\/demo\/wp-json\/wp\/v2\/types\/product"}],"wp:featuredmedia":[{"embeddable":true,"href":"https:\/\/www.tuvendes.com.ar\/demo\/wp-json\/wp\/v2\/media\/32189"}],"wp:attachment":[{"href":"https:\/\/www.tuvendes.com.ar\/demo\/wp-json\/wp\/v2\/media?parent=32188"}],"wp:term":[{"taxonomy":"product_brand","embeddable":true,"href":"https:\/\/www.tuvendes.com.ar\/demo\/wp-json\/wp\/v2\/product_brand?post=32188"},{"taxonomy":"product_cat","embeddable":true,"href":"https:\/\/www.tuvendes.com.ar\/demo\/wp-json\/wp\/v2\/product_cat?post=32188"},{"taxonomy":"product_tag","embeddable":true,"href":"https:\/\/www.tuvendes.com.ar\/demo\/wp-json\/wp\/v2\/product_tag?post=32188"}],"curies":[{"name":"wp","href":"https:\/\/api.w.org\/{rel}","templated":true}]}}