{"id":32200,"date":"2025-08-01T18:46:26","date_gmt":"2025-08-01T18:46:26","guid":{"rendered":"https:\/\/www.tuvendes.com.ar\/demo\/producto\/trust-primo-chat-auricular-c-mic\/"},"modified":"2025-08-13T00:49:45","modified_gmt":"2025-08-13T00:49:45","slug":"trust-primo-chat-auricular-c-mic","status":"publish","type":"product","link":"https:\/\/www.tuvendes.com.ar\/demo\/producto\/trust-primo-chat-auricular-c-mic\/","title":{"rendered":"TRUST Primo Chat Auricular c\/mic"},"content":{"rendered":"<p>Excelente calidad de sonidoMuy ligerosIdeal para sesiones en l\u00ednea,escuchar m\u00fasica,chatear y aplicaciones de telefon\u00eda (skype)Almohadillas blandas para los o\u00eddos y banda ajustable para la cabezaConector 3.5 mm<\/p>\n","protected":false},"excerpt":{"rendered":"<p>Auriculares est\u00e9reo ultralivianos con micr\u00f3fono flexible ajustable<\/p>\n","protected":false},"featured_media":32201,"template":"","meta":[],"product_brand":[],"product_cat":[1217],"product_tag":[],"class_list":{"0":"post-32200","1":"product","2":"type-product","3":"status-publish","4":"has-post-thumbnail","6":"product_cat-nuevo-import","8":"first","9":"instock","10":"shipping-taxable","11":"purchasable","12":"product-type-simple"},"_links":{"self":[{"href":"https:\/\/www.tuvendes.com.ar\/demo\/wp-json\/wp\/v2\/product\/32200","targetHints":{"allow":["GET"]}}],"collection":[{"href":"https:\/\/www.tuvendes.com.ar\/demo\/wp-json\/wp\/v2\/product"}],"about":[{"href":"https:\/\/www.tuvendes.com.ar\/demo\/wp-json\/wp\/v2\/types\/product"}],"wp:featuredmedia":[{"embeddable":true,"href":"https:\/\/www.tuvendes.com.ar\/demo\/wp-json\/wp\/v2\/media\/32201"}],"wp:attachment":[{"href":"https:\/\/www.tuvendes.com.ar\/demo\/wp-json\/wp\/v2\/media?parent=32200"}],"wp:term":[{"taxonomy":"product_brand","embeddable":true,"href":"https:\/\/www.tuvendes.com.ar\/demo\/wp-json\/wp\/v2\/product_brand?post=32200"},{"taxonomy":"product_cat","embeddable":true,"href":"https:\/\/www.tuvendes.com.ar\/demo\/wp-json\/wp\/v2\/product_cat?post=32200"},{"taxonomy":"product_tag","embeddable":true,"href":"https:\/\/www.tuvendes.com.ar\/demo\/wp-json\/wp\/v2\/product_tag?post=32200"}],"curies":[{"name":"wp","href":"https:\/\/api.w.org\/{rel}","templated":true}]}}