{"id":32218,"date":"2025-08-01T18:46:42","date_gmt":"2025-08-01T18:46:42","guid":{"rendered":"https:\/\/www.tuvendes.com.ar\/demo\/producto\/trust-rana-auricular-gaming-ps4-ps5-gxt-404b\/"},"modified":"2025-08-13T00:50:36","modified_gmt":"2025-08-13T00:50:36","slug":"trust-rana-auricular-gaming-ps4-ps5-gxt-404b","status":"publish","type":"product","link":"https:\/\/www.tuvendes.com.ar\/demo\/producto\/trust-rana-auricular-gaming-ps4-ps5-gxt-404b\/","title":{"rendered":"TRUST Rana Auricular Gaming PS4\/PS5 GXT 404B"},"content":{"rendered":"<p>Caracter\u00edsticasSuaves y c\u00f3modas almohadillas circumaurales de gran tama\u00f1oMicr\u00f3fono plegable y corto y diadema ajustablePotentes unidades de altavoces activos de 40 mmMando a distancia integrado para control de volumen y silenciamiento del micr\u00f3fonoSolo hay que conectar los auriculares en el controlador de juegos para usarlos en la consola (cable de 1 m)Experiencia de gaming totalLos auriculares de gaming GXT 404B Rana de Trust para PS4\/5TM te permiten sumergirte en el juego sin que nada te distraiga Las potentes unidades de altavoces activos de 40 mm ofrecen un sonido potente y cristalino para poder disfrutar al m\u00e1ximo de todos los juegos de consola.Plegables y ajustablesLas c\u00f3modas almohadillas circumaurales y la diadema ajustable garantizan una equipaci\u00f3n perfecta para tus largas sesiones de juego Habla con tus compa\u00f1eros mediante el micr\u00f3fono plegable,el accesorio perfecto para una comunicaci\u00f3n incre\u00edblemente n\u00edtida.Ponte al mandoEl control remoto integrado garantiza un f\u00e1cil acceso al control de volumen y al silenciamiento de micr\u00f3fono De esta manera te puedes concentrar totalmente en el juego en todo momento Solamente tienes que conectar los auriculares al mando de juegos y ya est\u00e1s listo para iniciar tu camino a la victoria.<\/p>\n","protected":false},"excerpt":{"rendered":"<p>Auriculares circumaurales para gaming con micr\u00f3fono plegable y diadema ajustable.<\/p>\n","protected":false},"featured_media":32219,"template":"","meta":[],"product_brand":[],"product_cat":[1217],"product_tag":[],"class_list":{"0":"post-32218","1":"product","2":"type-product","3":"status-publish","4":"has-post-thumbnail","6":"product_cat-nuevo-import","8":"first","9":"instock","10":"shipping-taxable","11":"purchasable","12":"product-type-simple"},"_links":{"self":[{"href":"https:\/\/www.tuvendes.com.ar\/demo\/wp-json\/wp\/v2\/product\/32218","targetHints":{"allow":["GET"]}}],"collection":[{"href":"https:\/\/www.tuvendes.com.ar\/demo\/wp-json\/wp\/v2\/product"}],"about":[{"href":"https:\/\/www.tuvendes.com.ar\/demo\/wp-json\/wp\/v2\/types\/product"}],"wp:featuredmedia":[{"embeddable":true,"href":"https:\/\/www.tuvendes.com.ar\/demo\/wp-json\/wp\/v2\/media\/32219"}],"wp:attachment":[{"href":"https:\/\/www.tuvendes.com.ar\/demo\/wp-json\/wp\/v2\/media?parent=32218"}],"wp:term":[{"taxonomy":"product_brand","embeddable":true,"href":"https:\/\/www.tuvendes.com.ar\/demo\/wp-json\/wp\/v2\/product_brand?post=32218"},{"taxonomy":"product_cat","embeddable":true,"href":"https:\/\/www.tuvendes.com.ar\/demo\/wp-json\/wp\/v2\/product_cat?post=32218"},{"taxonomy":"product_tag","embeddable":true,"href":"https:\/\/www.tuvendes.com.ar\/demo\/wp-json\/wp\/v2\/product_tag?post=32218"}],"curies":[{"name":"wp","href":"https:\/\/api.w.org\/{rel}","templated":true}]}}