{"id":37451,"date":"2025-11-18T19:10:21","date_gmt":"2025-11-18T19:10:21","guid":{"rendered":"https:\/\/www.tuvendes.com.ar\/demo\/producto\/ecobolsa-30x40-manijas-s-imp\/"},"modified":"2026-05-02T21:02:51","modified_gmt":"2026-05-02T21:02:51","slug":"ecobolsa-30x40-manijas-s-imp","status":"publish","type":"product","link":"https:\/\/www.tuvendes.com.ar\/demo\/producto\/ecobolsa-30x40-manijas-s-imp\/","title":{"rendered":"ECOBOLSA 30&#215;40 MANIJAS S\/Imp."},"content":{"rendered":"<p>Material: Tela no tejida 80grs. Tama\u00f1o: 30 x 40 x 10 cm. \u00c1rea de impresi\u00f3n: 24 x 24 cm<\/p>\n","protected":false},"excerpt":{"rendered":"<p>Material: Tela no tejida 80grs. Tama\u00f1o: 30 x 40 x 10 cm. \u00c1rea de impresi\u00f3n: 24 x 24 cm<\/p>\n","protected":false},"featured_media":33243,"template":"","meta":[],"product_brand":[],"product_cat":[1269],"product_tag":[],"class_list":{"0":"post-37451","1":"product","2":"type-product","3":"status-publish","4":"has-post-thumbnail","6":"product_cat-mecobolsas","7":"pa_material-tela-no-tejida-80grs","9":"first","10":"instock","11":"shipping-taxable","12":"purchasable","13":"product-type-variable"},"_links":{"self":[{"href":"https:\/\/www.tuvendes.com.ar\/demo\/wp-json\/wp\/v2\/product\/37451","targetHints":{"allow":["GET"]}}],"collection":[{"href":"https:\/\/www.tuvendes.com.ar\/demo\/wp-json\/wp\/v2\/product"}],"about":[{"href":"https:\/\/www.tuvendes.com.ar\/demo\/wp-json\/wp\/v2\/types\/product"}],"wp:featuredmedia":[{"embeddable":true,"href":"https:\/\/www.tuvendes.com.ar\/demo\/wp-json\/wp\/v2\/media\/33243"}],"wp:attachment":[{"href":"https:\/\/www.tuvendes.com.ar\/demo\/wp-json\/wp\/v2\/media?parent=37451"}],"wp:term":[{"taxonomy":"product_brand","embeddable":true,"href":"https:\/\/www.tuvendes.com.ar\/demo\/wp-json\/wp\/v2\/product_brand?post=37451"},{"taxonomy":"product_cat","embeddable":true,"href":"https:\/\/www.tuvendes.com.ar\/demo\/wp-json\/wp\/v2\/product_cat?post=37451"},{"taxonomy":"product_tag","embeddable":true,"href":"https:\/\/www.tuvendes.com.ar\/demo\/wp-json\/wp\/v2\/product_tag?post=37451"}],"curies":[{"name":"wp","href":"https:\/\/api.w.org\/{rel}","templated":true}]}}