{"id":37461,"date":"2025-11-18T19:10:25","date_gmt":"2025-11-18T19:10:25","guid":{"rendered":"https:\/\/www.tuvendes.com.ar\/demo\/producto\/copa-de-vino-y-agua-boliche-s-imp\/"},"modified":"2026-05-02T22:01:47","modified_gmt":"2026-05-02T22:01:47","slug":"copa-de-vino-y-agua-boliche-s-imp","status":"publish","type":"product","link":"https:\/\/www.tuvendes.com.ar\/demo\/producto\/copa-de-vino-y-agua-boliche-s-imp\/","title":{"rendered":"COPA DE VINO Y AGUA BOLICHE, S\/Imp"},"content":{"rendered":"<p>Material: Poliestireno reciclado. Tama\u00f1o: \u00d8 8 x 20 cm.. \u00c1rea de impresi\u00f3n: 4 x 5 cm.<\/p>\n","protected":false},"excerpt":{"rendered":"<p>Material: Poliestireno reciclado. Tama\u00f1o: \u00d8 8 x 20 cm.. \u00c1rea de impresi\u00f3n: 4 x 5 cm.<\/p>\n","protected":false},"featured_media":33067,"template":"","meta":[],"product_brand":[],"product_cat":[1244],"product_tag":[],"class_list":{"0":"post-37461","1":"product","2":"type-product","3":"status-publish","4":"has-post-thumbnail","6":"product_cat-mgastronomia","7":"pa_material-poliestireno-reciclado","9":"first","10":"instock","11":"shipping-taxable","12":"purchasable","13":"product-type-simple"},"_links":{"self":[{"href":"https:\/\/www.tuvendes.com.ar\/demo\/wp-json\/wp\/v2\/product\/37461","targetHints":{"allow":["GET"]}}],"collection":[{"href":"https:\/\/www.tuvendes.com.ar\/demo\/wp-json\/wp\/v2\/product"}],"about":[{"href":"https:\/\/www.tuvendes.com.ar\/demo\/wp-json\/wp\/v2\/types\/product"}],"wp:featuredmedia":[{"embeddable":true,"href":"https:\/\/www.tuvendes.com.ar\/demo\/wp-json\/wp\/v2\/media\/33067"}],"wp:attachment":[{"href":"https:\/\/www.tuvendes.com.ar\/demo\/wp-json\/wp\/v2\/media?parent=37461"}],"wp:term":[{"taxonomy":"product_brand","embeddable":true,"href":"https:\/\/www.tuvendes.com.ar\/demo\/wp-json\/wp\/v2\/product_brand?post=37461"},{"taxonomy":"product_cat","embeddable":true,"href":"https:\/\/www.tuvendes.com.ar\/demo\/wp-json\/wp\/v2\/product_cat?post=37461"},{"taxonomy":"product_tag","embeddable":true,"href":"https:\/\/www.tuvendes.com.ar\/demo\/wp-json\/wp\/v2\/product_tag?post=37461"}],"curies":[{"name":"wp","href":"https:\/\/api.w.org\/{rel}","templated":true}]}}