{"id":37550,"date":"2025-11-18T19:10:46","date_gmt":"2025-11-18T19:10:46","guid":{"rendered":"https:\/\/www.tuvendes.com.ar\/demo\/producto\/llavero-capilla-economico-cadena-forcet-corta-s-imp\/"},"modified":"2026-05-02T21:01:25","modified_gmt":"2026-05-02T21:01:25","slug":"llavero-capilla-economico-cadena-forcet-corta-s-imp","status":"publish","type":"product","link":"https:\/\/www.tuvendes.com.ar\/demo\/producto\/llavero-capilla-economico-cadena-forcet-corta-s-imp\/","title":{"rendered":"LLAVERO CAPILLA ECONOMICO, CADENA FORCET CORTA S\/Imp."},"content":{"rendered":"<p>Material: Poliestireno. Tama\u00f1o: 2,5 x 6 cm. \u00c1rea de impresi\u00f3n: 2,5 x 3,5 cm<\/p>\n","protected":false},"excerpt":{"rendered":"<p>Material: Poliestireno. Tama\u00f1o: 2,5 x 6 cm. \u00c1rea de impresi\u00f3n: 2,5 x 3,5 cm<\/p>\n","protected":false},"featured_media":33008,"template":"","meta":[],"product_brand":[],"product_cat":[1263],"product_tag":[],"class_list":{"0":"post-37550","1":"product","2":"type-product","3":"status-publish","4":"has-post-thumbnail","6":"product_cat-mllaveros","7":"pa_material-poliestireno","9":"first","10":"instock","11":"shipping-taxable","12":"purchasable","13":"product-type-simple"},"_links":{"self":[{"href":"https:\/\/www.tuvendes.com.ar\/demo\/wp-json\/wp\/v2\/product\/37550","targetHints":{"allow":["GET"]}}],"collection":[{"href":"https:\/\/www.tuvendes.com.ar\/demo\/wp-json\/wp\/v2\/product"}],"about":[{"href":"https:\/\/www.tuvendes.com.ar\/demo\/wp-json\/wp\/v2\/types\/product"}],"wp:featuredmedia":[{"embeddable":true,"href":"https:\/\/www.tuvendes.com.ar\/demo\/wp-json\/wp\/v2\/media\/33008"}],"wp:attachment":[{"href":"https:\/\/www.tuvendes.com.ar\/demo\/wp-json\/wp\/v2\/media?parent=37550"}],"wp:term":[{"taxonomy":"product_brand","embeddable":true,"href":"https:\/\/www.tuvendes.com.ar\/demo\/wp-json\/wp\/v2\/product_brand?post=37550"},{"taxonomy":"product_cat","embeddable":true,"href":"https:\/\/www.tuvendes.com.ar\/demo\/wp-json\/wp\/v2\/product_cat?post=37550"},{"taxonomy":"product_tag","embeddable":true,"href":"https:\/\/www.tuvendes.com.ar\/demo\/wp-json\/wp\/v2\/product_tag?post=37550"}],"curies":[{"name":"wp","href":"https:\/\/api.w.org\/{rel}","templated":true}]}}