{"id":38972,"date":"2026-01-15T17:07:19","date_gmt":"2026-01-15T17:07:19","guid":{"rendered":"https:\/\/www.tuvendes.com.ar\/demo\/producto\/portadocumento-5-bolsillos-s-imp\/"},"modified":"2026-05-02T22:03:09","modified_gmt":"2026-05-02T22:03:09","slug":"portadocumento-5-bolsillos-s-imp","status":"publish","type":"product","link":"https:\/\/www.tuvendes.com.ar\/demo\/producto\/portadocumento-5-bolsillos-s-imp\/","title":{"rendered":"PORTADOCUMENTO 5 BOLSILLOS S\/Imp."},"content":{"rendered":"<p>Material: Tela folia. Tama\u00f1o: 14 x 25 cm (cerrado). \u00c1rea de impresi\u00f3n: 23 x 8,5 cm.<\/p>\n","protected":false},"excerpt":{"rendered":"<p>Material: Tela folia. Tama\u00f1o: 14 x 25 cm (cerrado). \u00c1rea de impresi\u00f3n: 23 x 8,5 cm.<\/p>\n","protected":false},"featured_media":34710,"template":"","meta":[],"product_brand":[],"product_cat":[1299],"product_tag":[],"class_list":{"0":"post-38972","1":"product","2":"type-product","3":"status-publish","4":"has-post-thumbnail","6":"product_cat-msoldadurap","7":"pa_material-tela-folia","9":"first","10":"outofstock","11":"shipping-taxable","12":"purchasable","13":"product-type-variable"},"_links":{"self":[{"href":"https:\/\/www.tuvendes.com.ar\/demo\/wp-json\/wp\/v2\/product\/38972","targetHints":{"allow":["GET"]}}],"collection":[{"href":"https:\/\/www.tuvendes.com.ar\/demo\/wp-json\/wp\/v2\/product"}],"about":[{"href":"https:\/\/www.tuvendes.com.ar\/demo\/wp-json\/wp\/v2\/types\/product"}],"wp:featuredmedia":[{"embeddable":true,"href":"https:\/\/www.tuvendes.com.ar\/demo\/wp-json\/wp\/v2\/media\/34710"}],"wp:attachment":[{"href":"https:\/\/www.tuvendes.com.ar\/demo\/wp-json\/wp\/v2\/media?parent=38972"}],"wp:term":[{"taxonomy":"product_brand","embeddable":true,"href":"https:\/\/www.tuvendes.com.ar\/demo\/wp-json\/wp\/v2\/product_brand?post=38972"},{"taxonomy":"product_cat","embeddable":true,"href":"https:\/\/www.tuvendes.com.ar\/demo\/wp-json\/wp\/v2\/product_cat?post=38972"},{"taxonomy":"product_tag","embeddable":true,"href":"https:\/\/www.tuvendes.com.ar\/demo\/wp-json\/wp\/v2\/product_tag?post=38972"}],"curies":[{"name":"wp","href":"https:\/\/api.w.org\/{rel}","templated":true}]}}