{"id":39624,"date":"2026-01-23T16:16:46","date_gmt":"2026-01-23T16:16:46","guid":{"rendered":"https:\/\/www.tuvendes.com.ar\/demo\/producto\/mate-practico\/"},"modified":"2026-04-20T13:03:09","modified_gmt":"2026-04-20T13:03:09","slug":"mate-practico","status":"publish","type":"product","link":"https:\/\/www.tuvendes.com.ar\/demo\/producto\/mate-practico\/","title":{"rendered":"Mate Practico"},"content":{"rendered":"<p>Mate pr\u00e1ctico de acero inoxidable con doble pared t\u00e9rmica y exterior de polipropileno. Ideal para disfrutar de un mate c\u00f3modo y duradero en cualquier lugar. Incluye bombilla de acero inoxidable con resorte.<\/p>\n<p>Tahg.<\/p>\n","protected":false},"excerpt":{"rendered":"<p>Mate pr\u00e1ctico de acero inoxidable con doble pared t\u00e9rmica y exterior de polipropileno. Ideal para disfrutar de un mate c\u00f3modo<\/p>\n","protected":false},"featured_media":39626,"template":"","meta":[],"product_brand":[1891],"product_cat":[1775,1780],"product_tag":[],"class_list":{"0":"post-39624","1":"product","2":"type-product","3":"status-publish","4":"has-post-thumbnail","6":"product_brand-tahg","7":"product_cat-mates","8":"product_cat-proximos-arribos","9":"pa_variant-negro","11":"first","12":"instock","13":"shipping-taxable","14":"purchasable","15":"product-type-variable"},"_links":{"self":[{"href":"https:\/\/www.tuvendes.com.ar\/demo\/wp-json\/wp\/v2\/product\/39624","targetHints":{"allow":["GET"]}}],"collection":[{"href":"https:\/\/www.tuvendes.com.ar\/demo\/wp-json\/wp\/v2\/product"}],"about":[{"href":"https:\/\/www.tuvendes.com.ar\/demo\/wp-json\/wp\/v2\/types\/product"}],"wp:featuredmedia":[{"embeddable":true,"href":"https:\/\/www.tuvendes.com.ar\/demo\/wp-json\/wp\/v2\/media\/39626"}],"wp:attachment":[{"href":"https:\/\/www.tuvendes.com.ar\/demo\/wp-json\/wp\/v2\/media?parent=39624"}],"wp:term":[{"taxonomy":"product_brand","embeddable":true,"href":"https:\/\/www.tuvendes.com.ar\/demo\/wp-json\/wp\/v2\/product_brand?post=39624"},{"taxonomy":"product_cat","embeddable":true,"href":"https:\/\/www.tuvendes.com.ar\/demo\/wp-json\/wp\/v2\/product_cat?post=39624"},{"taxonomy":"product_tag","embeddable":true,"href":"https:\/\/www.tuvendes.com.ar\/demo\/wp-json\/wp\/v2\/product_tag?post=39624"}],"curies":[{"name":"wp","href":"https:\/\/api.w.org\/{rel}","templated":true}]}}