{"id":46403,"date":"2026-03-17T22:01:43","date_gmt":"2026-03-17T22:01:43","guid":{"rendered":"https:\/\/www.tuvendes.com.ar\/demo\/producto\/power-bank-crux\/"},"modified":"2026-04-19T13:12:48","modified_gmt":"2026-04-19T13:12:48","slug":"power-bank-crux","status":"publish","type":"product","link":"https:\/\/www.tuvendes.com.ar\/demo\/producto\/power-bank-crux\/","title":{"rendered":"Power Bank Crux"},"content":{"rendered":"<p>Cargador port\u00e1til de gran capacidad fabricado en ABS con bater\u00eda de pol\u00edmero de litio. Cuenta con dos salidas USB-A y entradas Micro USB y Tipo-C de 5V\/2A (10W), e indicador LED de carga. Incluye cable USB a Tipo-C para recarga r\u00e1pida. Es ideal para viajes largos, d\u00edas de trabajo intensos o escapadas al aire libre, permiti\u00e9ndote cargar m\u00faltiples dispositivos como celulares, tablets y auriculares con seguridad y eficiencia.<\/p>\n<p>Capacidad: 10,000 mAh<\/p>\n<p>Kingtech<\/p>\n","protected":false},"excerpt":{"rendered":"<p>Cargador port\u00e1til de gran capacidad fabricado en ABS con bater\u00eda de pol\u00edmero de litio. Cuenta con dos salidas USB-A y<\/p>\n","protected":false},"featured_media":46404,"template":"","meta":[],"product_brand":[1900],"product_cat":[1760,1756],"product_tag":[],"class_list":{"0":"post-46403","1":"product","2":"type-product","3":"status-publish","4":"has-post-thumbnail","6":"product_brand-kingtech","7":"product_cat-2026-novedades","8":"product_cat-tecnologia","9":"pa_variant-negro-abs","11":"first","12":"instock","13":"shipping-taxable","14":"purchasable","15":"product-type-variable"},"_links":{"self":[{"href":"https:\/\/www.tuvendes.com.ar\/demo\/wp-json\/wp\/v2\/product\/46403","targetHints":{"allow":["GET"]}}],"collection":[{"href":"https:\/\/www.tuvendes.com.ar\/demo\/wp-json\/wp\/v2\/product"}],"about":[{"href":"https:\/\/www.tuvendes.com.ar\/demo\/wp-json\/wp\/v2\/types\/product"}],"wp:featuredmedia":[{"embeddable":true,"href":"https:\/\/www.tuvendes.com.ar\/demo\/wp-json\/wp\/v2\/media\/46404"}],"wp:attachment":[{"href":"https:\/\/www.tuvendes.com.ar\/demo\/wp-json\/wp\/v2\/media?parent=46403"}],"wp:term":[{"taxonomy":"product_brand","embeddable":true,"href":"https:\/\/www.tuvendes.com.ar\/demo\/wp-json\/wp\/v2\/product_brand?post=46403"},{"taxonomy":"product_cat","embeddable":true,"href":"https:\/\/www.tuvendes.com.ar\/demo\/wp-json\/wp\/v2\/product_cat?post=46403"},{"taxonomy":"product_tag","embeddable":true,"href":"https:\/\/www.tuvendes.com.ar\/demo\/wp-json\/wp\/v2\/product_tag?post=46403"}],"curies":[{"name":"wp","href":"https:\/\/api.w.org\/{rel}","templated":true}]}}