{"id":46454,"date":"2026-04-01T15:30:34","date_gmt":"2026-04-01T15:30:34","guid":{"rendered":"https:\/\/www.tuvendes.com.ar\/demo\/producto\/growler-coleman-1900-ml\/"},"modified":"2026-04-20T19:17:58","modified_gmt":"2026-04-20T19:17:58","slug":"growler-coleman-1900-ml","status":"publish","type":"product","link":"https:\/\/www.tuvendes.com.ar\/demo\/producto\/growler-coleman-1900-ml\/","title":{"rendered":"Growler Coleman 1900 ml"},"content":{"rendered":"<p>Dise\u00f1ado para mantener las bebidas fr\u00edas hasta 76 horas y calientes hasta 41 horas. Cuenta con asa ergon\u00f3mica para un transporte c\u00f3modo y seguro, y con tapa atada para evitar p\u00e9rdidas. Tap\u00f3n a presi\u00f3n que permite transporar bebidas gasificadas. La boquilla incorpora una cubierta protectora que mantiene el pico limpio y, al cerrarse, ofrece un sello 100% a prueba de fugas. Su base antideslizante asegura estabilidad en cualquier superficie y el recubrimiento exterior en polvo evita la condensaci\u00f3n, manteniendo las manos secas en todo momento. Es libre de BPA, a prueba de derrames y es compatible con accesorios intercambiables de otros modelos Coleman. Ideal para actividades outdoor, trabajo en movimiento y kits corporativos premium.<\/p>\n","protected":false},"excerpt":{"rendered":"<p>Dise\u00f1ado para mantener las bebidas fr\u00edas hasta 76 horas y calientes hasta 41 horas. Cuenta con asa ergon\u00f3mica para un<\/p>\n","protected":false},"featured_media":46455,"template":"","meta":[],"product_brand":[1886],"product_cat":[1752,1570],"product_tag":[],"class_list":{"0":"post-46454","1":"product","2":"type-product","3":"status-publish","4":"has-post-thumbnail","6":"product_brand-coleman","7":"product_cat-drinkware","8":"product_cat-botellas","10":"first","11":"instock","12":"shipping-taxable","13":"purchasable","14":"product-type-variable"},"_links":{"self":[{"href":"https:\/\/www.tuvendes.com.ar\/demo\/wp-json\/wp\/v2\/product\/46454","targetHints":{"allow":["GET"]}}],"collection":[{"href":"https:\/\/www.tuvendes.com.ar\/demo\/wp-json\/wp\/v2\/product"}],"about":[{"href":"https:\/\/www.tuvendes.com.ar\/demo\/wp-json\/wp\/v2\/types\/product"}],"wp:featuredmedia":[{"embeddable":true,"href":"https:\/\/www.tuvendes.com.ar\/demo\/wp-json\/wp\/v2\/media\/46455"}],"wp:attachment":[{"href":"https:\/\/www.tuvendes.com.ar\/demo\/wp-json\/wp\/v2\/media?parent=46454"}],"wp:term":[{"taxonomy":"product_brand","embeddable":true,"href":"https:\/\/www.tuvendes.com.ar\/demo\/wp-json\/wp\/v2\/product_brand?post=46454"},{"taxonomy":"product_cat","embeddable":true,"href":"https:\/\/www.tuvendes.com.ar\/demo\/wp-json\/wp\/v2\/product_cat?post=46454"},{"taxonomy":"product_tag","embeddable":true,"href":"https:\/\/www.tuvendes.com.ar\/demo\/wp-json\/wp\/v2\/product_tag?post=46454"}],"curies":[{"name":"wp","href":"https:\/\/api.w.org\/{rel}","templated":true}]}}