{"id":46478,"date":"2026-04-01T15:30:58","date_gmt":"2026-04-01T15:30:58","guid":{"rendered":"https:\/\/www.tuvendes.com.ar\/demo\/producto\/botella-termica-coleman-freeflow-1200-ml\/"},"modified":"2026-04-20T19:26:17","modified_gmt":"2026-04-20T19:26:17","slug":"botella-termica-coleman-freeflow-1200-ml","status":"publish","type":"product","link":"https:\/\/www.tuvendes.com.ar\/demo\/producto\/botella-termica-coleman-freeflow-1200-ml\/","title":{"rendered":"Botella T\u00e9rmica Coleman FreeFlow 1200 ml"},"content":{"rendered":"<p>Dise\u00f1ada para mantener las bebidas fr\u00edas hasta 31 horas y calientes hasta 11 horas. Incluye un bot\u00f3n pulsador que permite beber con una sola mano de manera c\u00f3moda y completamente a prueba de derrames. La boquilla cuenta con una cubierta protectora que evita el contacto con suciedad y g\u00e9rmenes, ofreciendo un sello 100% a prueba de fugas cuando est\u00e1 cerrada. Su recubrimiento exterior en polvo evita la condensaci\u00f3n para mantener las manos secas, mientras que la base antideslizante aporta estabilidad en cualquier superficie. Ideal para uso diario, actividades outdoor y kits corporativos premium.<\/p>\n","protected":false},"excerpt":{"rendered":"<p>Dise\u00f1ada para mantener las bebidas fr\u00edas hasta 31 horas y calientes hasta 11 horas. Incluye un bot\u00f3n pulsador que permite<\/p>\n","protected":false},"featured_media":46479,"template":"","meta":[],"product_brand":[1886],"product_cat":[1752,1570],"product_tag":[],"class_list":{"0":"post-46478","1":"product","2":"type-product","3":"status-publish","4":"has-post-thumbnail","6":"product_brand-coleman","7":"product_cat-drinkware","8":"product_cat-botellas","10":"first","11":"instock","12":"shipping-taxable","13":"purchasable","14":"product-type-variable"},"_links":{"self":[{"href":"https:\/\/www.tuvendes.com.ar\/demo\/wp-json\/wp\/v2\/product\/46478","targetHints":{"allow":["GET"]}}],"collection":[{"href":"https:\/\/www.tuvendes.com.ar\/demo\/wp-json\/wp\/v2\/product"}],"about":[{"href":"https:\/\/www.tuvendes.com.ar\/demo\/wp-json\/wp\/v2\/types\/product"}],"wp:featuredmedia":[{"embeddable":true,"href":"https:\/\/www.tuvendes.com.ar\/demo\/wp-json\/wp\/v2\/media\/46479"}],"wp:attachment":[{"href":"https:\/\/www.tuvendes.com.ar\/demo\/wp-json\/wp\/v2\/media?parent=46478"}],"wp:term":[{"taxonomy":"product_brand","embeddable":true,"href":"https:\/\/www.tuvendes.com.ar\/demo\/wp-json\/wp\/v2\/product_brand?post=46478"},{"taxonomy":"product_cat","embeddable":true,"href":"https:\/\/www.tuvendes.com.ar\/demo\/wp-json\/wp\/v2\/product_cat?post=46478"},{"taxonomy":"product_tag","embeddable":true,"href":"https:\/\/www.tuvendes.com.ar\/demo\/wp-json\/wp\/v2\/product_tag?post=46478"}],"curies":[{"name":"wp","href":"https:\/\/api.w.org\/{rel}","templated":true}]}}