{"id":46508,"date":"2026-04-01T15:31:29","date_gmt":"2026-04-01T15:31:29","guid":{"rendered":"https:\/\/www.tuvendes.com.ar\/demo\/producto\/mochila-portanotebook-rolltop\/"},"modified":"2026-04-17T20:09:52","modified_gmt":"2026-04-17T20:09:52","slug":"mochila-portanotebook-rolltop","status":"publish","type":"product","link":"https:\/\/www.tuvendes.com.ar\/demo\/producto\/mochila-portanotebook-rolltop\/","title":{"rendered":"Mochila Portanotebook RollTop"},"content":{"rendered":"<p>Mochila para port\u00e1til 600D con forro 210D (17,3\u201d) Mochila resistente y vers\u00e1til, confeccionada en poli\u00e9ster 600D con forro interior 210D. Cuenta con un amplio compartimento principal con cierre enrollable, dise\u00f1ado para port\u00e1tiles de hasta 17,3 pulgadas. Incorpora un bolsillo frontal con cremallera para objetos esenciales. Capacidad: hasta 21 L<\/p>\n","protected":false},"excerpt":{"rendered":"<p>Mochila para port\u00e1til 600D con forro 210D (17,3\u201d) Mochila resistente y vers\u00e1til, confeccionada en poli\u00e9ster 600D con forro interior 210D.<\/p>\n","protected":false},"featured_media":46509,"template":"","meta":[],"product_brand":[],"product_cat":[1825,1572],"product_tag":[],"class_list":{"0":"post-46508","1":"product","2":"type-product","3":"status-publish","4":"has-post-thumbnail","6":"product_cat-mochilas-bolsos","7":"product_cat-mochilas","9":"first","10":"instock","11":"shipping-taxable","12":"purchasable","13":"product-type-variable"},"_links":{"self":[{"href":"https:\/\/www.tuvendes.com.ar\/demo\/wp-json\/wp\/v2\/product\/46508","targetHints":{"allow":["GET"]}}],"collection":[{"href":"https:\/\/www.tuvendes.com.ar\/demo\/wp-json\/wp\/v2\/product"}],"about":[{"href":"https:\/\/www.tuvendes.com.ar\/demo\/wp-json\/wp\/v2\/types\/product"}],"wp:featuredmedia":[{"embeddable":true,"href":"https:\/\/www.tuvendes.com.ar\/demo\/wp-json\/wp\/v2\/media\/46509"}],"wp:attachment":[{"href":"https:\/\/www.tuvendes.com.ar\/demo\/wp-json\/wp\/v2\/media?parent=46508"}],"wp:term":[{"taxonomy":"product_brand","embeddable":true,"href":"https:\/\/www.tuvendes.com.ar\/demo\/wp-json\/wp\/v2\/product_brand?post=46508"},{"taxonomy":"product_cat","embeddable":true,"href":"https:\/\/www.tuvendes.com.ar\/demo\/wp-json\/wp\/v2\/product_cat?post=46508"},{"taxonomy":"product_tag","embeddable":true,"href":"https:\/\/www.tuvendes.com.ar\/demo\/wp-json\/wp\/v2\/product_tag?post=46508"}],"curies":[{"name":"wp","href":"https:\/\/api.w.org\/{rel}","templated":true}]}}