{"id":47425,"date":"2026-04-09T22:00:55","date_gmt":"2026-04-09T22:00:55","guid":{"rendered":"https:\/\/www.tuvendes.com.ar\/demo\/producto\/mate-pulse-termico-acero-180ml\/"},"modified":"2026-04-09T22:02:19","modified_gmt":"2026-04-09T22:02:19","slug":"mate-pulse-termico-acero-180ml","status":"publish","type":"product","link":"https:\/\/www.tuvendes.com.ar\/demo\/producto\/mate-pulse-termico-acero-180ml\/","title":{"rendered":"Mate Pulse termico acero 180ml"},"content":{"rendered":"<div>\n<p data-start=\"253\" data-end=\"680\">El <em data-start=\"256\" data-end=\"304\">mate t\u00e9rmico de acero inoxidable 304 de 180 ml<\/em> es un accesorio premium dise\u00f1ado para mantener la temperatura de tu infusi\u00f3n por m\u00e1s tiempo sin comprometer sabor ni funcionalidad. Su construcci\u00f3n en acero inoxidable de alta calidad proporciona una superficie duradera, resistente a la corrosi\u00f3n y de f\u00e1cil limpieza, ideal para el uso diario, ya sea en casa, la oficina o en movimiento.<\/p>\n<p data-start=\"682\" data-end=\"1098\">Su dise\u00f1o de doble pared t\u00e9rmica asegura un aislamiento eficiente que conserva el calor o fr\u00edo de la bebida, evitando el traspaso de temperatura hacia el exterior y brindando una experiencia de cebado c\u00f3moda y prolongada. El formato compacto de 180 ml resulta ergon\u00f3mico y pr\u00e1ctico tanto para amantes del mate tradicional como para quienes buscan una opci\u00f3n vers\u00e1til y port\u00e1til.<\/p>\n<p data-start=\"1100\" data-end=\"1777\"><strong data-start=\"1100\" data-end=\"1142\">Especificaciones t\u00e9cnicas principales:<\/strong><br data-start=\"1142\" data-end=\"1145\" \/>\u2022 Material: Acero inoxidable 304, libre de BPA y seguro para consumo de bebidas. <br data-start=\"1263\" data-end=\"1266\" \/>\u2022 Capacidad: 180 ml, ideal para una cebada perfecta o uso individual. <br data-start=\"1373\" data-end=\"1376\" \/>\u2022 Medidas: 9 x 6,9cm.<br data-start=\"1473\" data-end=\"1476\" \/>\u2022 Conservaci\u00f3n de temperatura dise\u00f1o t\u00e9rmico de doble pared para aislamiento eficientemantiene caliente o fr\u00edo por mayor tiempo que un mate tradicional. <br data-start=\"1611\" data-end=\"1614\" \/>\u2022 Forma ergon\u00f3mica y superficie c\u00f3moda al tacto. <br data-start=\"1700\" data-end=\"1703\" \/>\u2022 F\u00e1cil limpieza y gran durabilidad.<\/p>\n<p data-start=\"1779\" data-end=\"2062\">Este mate combina estilo y rendimiento, siendo una opci\u00f3n vers\u00e1til tanto para el ritual del mate como para otras infusiones o bebidas. Perfecto para promociones, regalos corporativos.<\/p>\n<\/div>\n","protected":false},"excerpt":{"rendered":"<p>El <em data-start=\"256\" data-end=\"304\">mate t\u00e9rmico de acero inoxidable 304 de 180 ml<\/em> es un accesorio premium dise\u00f1ado para mantener la temperatura de tu infusi\u00f3n por m\u00e1s tiempo sin comprometer sabor ni funcionalidad.<\/p>\n","protected":false},"featured_media":47426,"template":"","meta":[],"product_brand":[],"product_cat":[1537],"product_tag":[],"class_list":{"0":"post-47425","1":"product","2":"type-product","3":"status-publish","4":"has-post-thumbnail","6":"product_cat-novedades","8":"first","9":"instock","10":"shipping-taxable","11":"purchasable","12":"product-type-variable"},"_links":{"self":[{"href":"https:\/\/www.tuvendes.com.ar\/demo\/wp-json\/wp\/v2\/product\/47425","targetHints":{"allow":["GET"]}}],"collection":[{"href":"https:\/\/www.tuvendes.com.ar\/demo\/wp-json\/wp\/v2\/product"}],"about":[{"href":"https:\/\/www.tuvendes.com.ar\/demo\/wp-json\/wp\/v2\/types\/product"}],"wp:featuredmedia":[{"embeddable":true,"href":"https:\/\/www.tuvendes.com.ar\/demo\/wp-json\/wp\/v2\/media\/47426"}],"wp:attachment":[{"href":"https:\/\/www.tuvendes.com.ar\/demo\/wp-json\/wp\/v2\/media?parent=47425"}],"wp:term":[{"taxonomy":"product_brand","embeddable":true,"href":"https:\/\/www.tuvendes.com.ar\/demo\/wp-json\/wp\/v2\/product_brand?post=47425"},{"taxonomy":"product_cat","embeddable":true,"href":"https:\/\/www.tuvendes.com.ar\/demo\/wp-json\/wp\/v2\/product_cat?post=47425"},{"taxonomy":"product_tag","embeddable":true,"href":"https:\/\/www.tuvendes.com.ar\/demo\/wp-json\/wp\/v2\/product_tag?post=47425"}],"curies":[{"name":"wp","href":"https:\/\/api.w.org\/{rel}","templated":true}]}}