{"id":48,"date":"2024-11-12T19:40:25","date_gmt":"2024-11-12T19:40:25","guid":{"rendered":"https:\/\/www.tuvendes.com.ar\/demo\/producto\/bolsas-de-lienzo-tote-bag\/"},"modified":"2025-08-21T20:44:58","modified_gmt":"2025-08-21T20:44:58","slug":"bolsas-de-lienzo-tote-bag","status":"publish","type":"product","link":"https:\/\/www.tuvendes.com.ar\/demo\/producto\/bolsas-de-lienzo-tote-bag\/","title":{"rendered":"Bolsas de Lienzo Tote Bag"},"content":{"rendered":"<p><strong>Nuestras Bolsas de Lienzo 100% Algod\u00f3n<\/strong> son la elecci\u00f3n perfecta para quienes buscan una soluci\u00f3n ecol\u00f3gica y duradera. Estas Tote Bags no solo son funcionales, sino que tambi\u00e9n ofrecen un lienzo en blanco ideal para personalizar con el logo de tu empresa, eslogan o dise\u00f1o exclusivo, convirti\u00e9ndolas en un accesorio vers\u00e1til y de gran impacto visual.<\/p>\n<p>&#8211;<strong>Material Premium:<\/strong> Hechas de lienzo 100% algod\u00f3n, conocido por su resistencia, suavidad y capacidad de carga.<br \/>\n&#8211;<strong>Dise\u00f1o Vers\u00e1til:<\/strong> Variedad de tama\u00f1os, son ideales para llevar a la playa, a eventos, al trabajo, o para hacer compras diarias.<br \/>\n&#8211;<strong>Compromiso con el Medio Ambiente<\/strong>: Al ser reutilizables y biodegradables, nuestras Tote Bags son una opci\u00f3n responsable que refleja un compromiso con la sostenibilidad.<\/p>\n<p>Se imprime en ambos lados hasta un \u00e1rea de 20 cm x 10 cm.<\/p>\n<p>Adicional impresi\u00f3n \u00e1rea 34&#215;24 cm (centrado) adicional $1.701,54+iva<\/p>\n<p>&#8211; Trabajamos con lienzo 20\/20 100% algod\u00f3n<br \/>\n&#8211; Costuras reforzadas<br \/>\n&#8211; Asas de CINTA HILERA DE ALGODON PESADO de 25 mm de ancho x 40 cm de largo (aproximado)<\/p>\n","protected":false},"excerpt":{"rendered":"<p style=\"text-align: left\">Nuestras Bolsas de <strong>Lienzo 100% Algod\u00f3n<\/strong> son perfectas para cualquier ocasi\u00f3n. Confeccionadas en algod\u00f3n resistente y en diversos tama\u00f1os. Ideales para personalizar con tu logo o dise\u00f1o, son una opci\u00f3n<em> ecol\u00f3gica y duradera<\/em>, perfecta para promociones, eventos y uso diario.<\/p>\n<p>Se imprime en ambos lados hasta un \u00e1rea de 20 cm x 10 cm.<\/p>\n<p>Adicional impresi\u00f3n \u00e1rea 34&#215;24 cm (centrado) adicional $1.701,54+iva<\/p>\n","protected":false},"featured_media":49,"template":"","meta":[],"product_brand":[],"product_cat":[124],"product_tag":[],"class_list":{"0":"post-48","1":"product","2":"type-product","3":"status-publish","4":"has-post-thumbnail","6":"product_cat-elementi","7":"pa_custom-impresion-full-color","9":"first","10":"instock","11":"shipping-taxable","12":"purchasable","13":"product-type-variable"},"_links":{"self":[{"href":"https:\/\/www.tuvendes.com.ar\/demo\/wp-json\/wp\/v2\/product\/48","targetHints":{"allow":["GET"]}}],"collection":[{"href":"https:\/\/www.tuvendes.com.ar\/demo\/wp-json\/wp\/v2\/product"}],"about":[{"href":"https:\/\/www.tuvendes.com.ar\/demo\/wp-json\/wp\/v2\/types\/product"}],"wp:featuredmedia":[{"embeddable":true,"href":"https:\/\/www.tuvendes.com.ar\/demo\/wp-json\/wp\/v2\/media\/49"}],"wp:attachment":[{"href":"https:\/\/www.tuvendes.com.ar\/demo\/wp-json\/wp\/v2\/media?parent=48"}],"wp:term":[{"taxonomy":"product_brand","embeddable":true,"href":"https:\/\/www.tuvendes.com.ar\/demo\/wp-json\/wp\/v2\/product_brand?post=48"},{"taxonomy":"product_cat","embeddable":true,"href":"https:\/\/www.tuvendes.com.ar\/demo\/wp-json\/wp\/v2\/product_cat?post=48"},{"taxonomy":"product_tag","embeddable":true,"href":"https:\/\/www.tuvendes.com.ar\/demo\/wp-json\/wp\/v2\/product_tag?post=48"}],"curies":[{"name":"wp","href":"https:\/\/api.w.org\/{rel}","templated":true}]}}