{"id":48344,"date":"2026-04-16T19:53:11","date_gmt":"2026-04-16T19:53:11","guid":{"rendered":"https:\/\/www.tuvendes.com.ar\/demo\/producto\/repuesto-calendario-2023-paisajes\/"},"modified":"2026-04-17T18:18:00","modified_gmt":"2026-04-17T18:18:00","slug":"repuesto-calendario-2023-paisajes","status":"publish","type":"product","link":"https:\/\/www.tuvendes.com.ar\/demo\/producto\/repuesto-calendario-2023-paisajes\/","title":{"rendered":"Repuesto Calendario 2023 Paisajes"},"content":{"rendered":"<table dir=\"ltr\" cellspacing=\"0\" cellpadding=\"0\">\n<colgroup>\n<col width=\"269\" \/>\n<col width=\"277\" \/><\/colgroup>\n<tbody>\n<tr>\n<td data-sheets-value=\"{&quot;1&quot;:2,&quot;2&quot;:&quot;Tama\u00f1o de la l\u00e1mina:&quot;}\">Tama\u00f1o de la l\u00e1mina:<\/td>\n<td data-sheets-value=\"{&quot;1&quot;:2,&quot;2&quot;:&quot;17,5 x 8,5 cm&quot;}\">17,5 x 8,5 cm<\/td>\n<\/tr>\n<tr>\n<td data-sheets-value=\"{&quot;1&quot;:2,&quot;2&quot;:&quot;L\u00e1minas:&quot;}\">L\u00e1minas:<\/td>\n<td data-sheets-value=\"{&quot;1&quot;:3,&quot;3&quot;:12}\">12<\/td>\n<\/tr>\n<tr>\n<td data-sheets-value=\"{&quot;1&quot;:2,&quot;2&quot;:&quot;Papel:&quot;}\">Papel:<\/td>\n<td data-sheets-value=\"{&quot;1&quot;:2,&quot;2&quot;:&quot;200 grs.&quot;}\">200 grs.<\/td>\n<\/tr>\n<tr>\n<td data-sheets-value=\"{&quot;1&quot;:2,&quot;2&quot;:&quot;Motivo: &quot;}\">Motivo:<\/td>\n<td data-sheets-value=\"{&quot;1&quot;:2,&quot;2&quot;:&quot;Pintura Naif (Mar\u00eda Teresa Bobbio)&quot;}\">Paisajes<\/td>\n<\/tr>\n<tr>\n<td data-sheets-value=\"{&quot;1&quot;:2,&quot;2&quot;:&quot;Caracter\u00edsticas:&quot;}\">Caracter\u00edsticas:<\/td>\n<td data-sheets-value=\"{&quot;1&quot;:2,&quot;2&quot;:&quot;Full color&quot;}\">Full color<\/td>\n<\/tr>\n<tr>\n<td><\/td>\n<td data-sheets-value=\"{&quot;1&quot;:2,&quot;2&quot;:&quot;Papel ilustraci\u00f3n&quot;}\">Papel ilustraci\u00f3n<\/td>\n<\/tr>\n<tr>\n<td><\/td>\n<td data-sheets-value=\"{&quot;1&quot;:2,&quot;2&quot;:&quot;Recordatorio al dorso \/ Cuadr\u00edcula&quot;}\">Recordatorio al dorso \/ Cuadr\u00edcula<\/td>\n<\/tr>\n<\/tbody>\n<\/table>\n","protected":false},"excerpt":{"rendered":"<p>Tama\u00f1o de la l\u00e1mina: 17,5 x 8,5 cm L\u00e1minas: 12 Papel: 200 grs. Motivo: Paisajes Caracter\u00edsticas: Full color Papel ilustraci\u00f3n<\/p>\n","protected":false},"featured_media":48345,"template":"","meta":[],"product_brand":[],"product_cat":[1928],"product_tag":[],"class_list":{"0":"post-48344","1":"product","2":"type-product","3":"status-publish","4":"has-post-thumbnail","6":"product_cat-other","8":"first","9":"instock","10":"shipping-taxable","11":"purchasable","12":"product-type-simple"},"_links":{"self":[{"href":"https:\/\/www.tuvendes.com.ar\/demo\/wp-json\/wp\/v2\/product\/48344","targetHints":{"allow":["GET"]}}],"collection":[{"href":"https:\/\/www.tuvendes.com.ar\/demo\/wp-json\/wp\/v2\/product"}],"about":[{"href":"https:\/\/www.tuvendes.com.ar\/demo\/wp-json\/wp\/v2\/types\/product"}],"wp:featuredmedia":[{"embeddable":true,"href":"https:\/\/www.tuvendes.com.ar\/demo\/wp-json\/wp\/v2\/media\/48345"}],"wp:attachment":[{"href":"https:\/\/www.tuvendes.com.ar\/demo\/wp-json\/wp\/v2\/media?parent=48344"}],"wp:term":[{"taxonomy":"product_brand","embeddable":true,"href":"https:\/\/www.tuvendes.com.ar\/demo\/wp-json\/wp\/v2\/product_brand?post=48344"},{"taxonomy":"product_cat","embeddable":true,"href":"https:\/\/www.tuvendes.com.ar\/demo\/wp-json\/wp\/v2\/product_cat?post=48344"},{"taxonomy":"product_tag","embeddable":true,"href":"https:\/\/www.tuvendes.com.ar\/demo\/wp-json\/wp\/v2\/product_tag?post=48344"}],"curies":[{"name":"wp","href":"https:\/\/api.w.org\/{rel}","templated":true}]}}