{"id":48906,"date":"2026-04-17T18:14:53","date_gmt":"2026-04-17T18:14:53","guid":{"rendered":"https:\/\/www.tuvendes.com.ar\/demo\/producto\/calendarios-anillados-imagenes-personalizadas-2\/"},"modified":"2026-04-17T18:15:00","modified_gmt":"2026-04-17T18:15:00","slug":"calendarios-anillados-imagenes-personalizadas-2","status":"publish","type":"product","link":"https:\/\/www.tuvendes.com.ar\/demo\/producto\/calendarios-anillados-imagenes-personalizadas-2\/","title":{"rendered":"Calendarios Anillados Im\u00e1genes Personalizadas"},"content":{"rendered":"<table dir=\"ltr\" style=\"height: 507px\" width=\"665\" cellspacing=\"0\" cellpadding=\"0\">\n<colgroup>\n<col width=\"269\" \/>\n<col width=\"277\" \/><\/colgroup>\n<tbody>\n<tr>\n<td data-sheets-value=\"{&quot;1&quot;:2,&quot;2&quot;:&quot;Tama\u00f1o de la l\u00e1mina:&quot;}\">Tama\u00f1o de la l\u00e1mina:<\/td>\n<td data-sheets-value=\"{&quot;1&quot;:2,&quot;2&quot;:&quot;17,5 x 8,5 cm&quot;}\">17,5 x 8,5 cm<\/td>\n<\/tr>\n<tr>\n<td data-sheets-value=\"{&quot;1&quot;:2,&quot;2&quot;:&quot;Tipo base:&quot;}\">Tipo base:<\/td>\n<td data-sheets-value=\"{&quot;1&quot;:2,&quot;2&quot;:&quot;PVC&quot;}\">PVC<\/td>\n<\/tr>\n<tr>\n<td data-sheets-value=\"{&quot;1&quot;:2,&quot;2&quot;:&quot;L\u00e1minas:&quot;}\">L\u00e1minas:<\/td>\n<td data-sheets-value=\"{&quot;1&quot;:3,&quot;3&quot;:12}\">12<\/td>\n<\/tr>\n<tr>\n<td data-sheets-value=\"{&quot;1&quot;:2,&quot;2&quot;:&quot;Papel:&quot;}\">Papel:<\/td>\n<td data-sheets-value=\"{&quot;1&quot;:2,&quot;2&quot;:&quot;200 grs.&quot;}\">200 grs.<\/td>\n<\/tr>\n<tr>\n<td data-sheets-value=\"{&quot;1&quot;:2,&quot;2&quot;:&quot;Motivo: &quot;}\">Motivo:<\/td>\n<td data-sheets-value=\"{&quot;1&quot;:2,&quot;2&quot;:&quot;Paisaje o Pintura Naif (Mar\u00eda Teresa Bobbio)&quot;}\">Im\u00e1genes personalizadas<\/td>\n<\/tr>\n<tr>\n<td data-sheets-value=\"{&quot;1&quot;:2,&quot;2&quot;:&quot;Caracter\u00edsticas:&quot;}\">Caracter\u00edsticas:<\/td>\n<td data-sheets-value=\"{&quot;1&quot;:2,&quot;2&quot;:&quot;Full color&quot;}\">Full color<\/td>\n<\/tr>\n<tr>\n<td><\/td>\n<td data-sheets-value=\"{&quot;1&quot;:2,&quot;2&quot;:&quot;Papel ilustraci\u00f3n&quot;}\">Papel ilustraci\u00f3n<\/td>\n<\/tr>\n<tr>\n<td><\/td>\n<td data-sheets-value=\"{&quot;1&quot;:2,&quot;2&quot;:&quot;Recordatorio al dorso \/ Cuadr\u00edcula&quot;}\">Recordatorio al dorso \/ Cuadr\u00edcula<\/td>\n<\/tr>\n<\/tbody>\n<\/table>\n","protected":false},"excerpt":{"rendered":"<p>Tama\u00f1o de la l\u00e1mina: 17,5 x 8,5 cm Tipo base: PVC L\u00e1minas: 12 Papel: 200 grs. Motivo: Im\u00e1genes personalizadas Caracter\u00edsticas:<\/p>\n","protected":false},"featured_media":48907,"template":"","meta":[],"product_brand":[],"product_cat":[1929],"product_tag":[],"class_list":{"0":"post-48906","1":"product","2":"type-product","3":"status-publish","4":"has-post-thumbnail","6":"product_cat-calendarios","8":"first","9":"instock","10":"shipping-taxable","11":"purchasable","12":"product-type-simple"},"_links":{"self":[{"href":"https:\/\/www.tuvendes.com.ar\/demo\/wp-json\/wp\/v2\/product\/48906","targetHints":{"allow":["GET"]}}],"collection":[{"href":"https:\/\/www.tuvendes.com.ar\/demo\/wp-json\/wp\/v2\/product"}],"about":[{"href":"https:\/\/www.tuvendes.com.ar\/demo\/wp-json\/wp\/v2\/types\/product"}],"wp:featuredmedia":[{"embeddable":true,"href":"https:\/\/www.tuvendes.com.ar\/demo\/wp-json\/wp\/v2\/media\/48907"}],"wp:attachment":[{"href":"https:\/\/www.tuvendes.com.ar\/demo\/wp-json\/wp\/v2\/media?parent=48906"}],"wp:term":[{"taxonomy":"product_brand","embeddable":true,"href":"https:\/\/www.tuvendes.com.ar\/demo\/wp-json\/wp\/v2\/product_brand?post=48906"},{"taxonomy":"product_cat","embeddable":true,"href":"https:\/\/www.tuvendes.com.ar\/demo\/wp-json\/wp\/v2\/product_cat?post=48906"},{"taxonomy":"product_tag","embeddable":true,"href":"https:\/\/www.tuvendes.com.ar\/demo\/wp-json\/wp\/v2\/product_tag?post=48906"}],"curies":[{"name":"wp","href":"https:\/\/api.w.org\/{rel}","templated":true}]}}

Calendarios Anillados Imágenes Personalizadas

<table dir="ltr" style="height: 507px" width="665" cellspacing="0" cellpadding="0">
<colgroup>
<col width="269" />
<col width="277" /></colgroup>
<tbody>
<tr>
<td data-sheets-value="{&quot;1&quot;:2,&quot;2&quot;:&quot;Tamaño de la lámina:&quot;}">Tamaño de la lámina:</td>
<td data-sheets-value="{&quot;1&quot;:2,&quot;2&quot;:&quot;17,5 x 8,5 cm&quot;}">17,5 x 8,5 cm</td>
</tr>
<tr>
<td data-sheets-value="{&quot;1&quot;:2,&quot;2&quot;:&quot;Tipo base:&quot;}">Tipo base:</td>
<td data-sheets-value="{&quot;1&quot;:2,&quot;2&quot;:&quot;PVC&quot;}">PVC</td>
</tr>
<tr>
<td data-sheets-value="{&quot;1&quot;:2,&quot;2&quot;:&quot;Láminas:&quot;}">Láminas:</td>
<td data-sheets-value="{&quot;1&quot;:3,&quot;3&quot;:12}">12</td>
</tr>
<tr>
<td data-sheets-value="{&quot;1&quot;:2,&quot;2&quot;:&quot;Papel:&quot;}">Papel:</td>
<td data-sheets-value="{&quot;1&quot;:2,&quot;2&quot;:&quot;200 grs.&quot;}">200 grs.</td>
</tr>
<tr>
<td data-sheets-value="{&quot;1&quot;:2,&quot;2&quot;:&quot;Motivo: &quot;}">Motivo:</td>
<td data-sheets-value="{&quot;1&quot;:2,&quot;2&quot;:&quot;Paisaje o Pintura Naif (María Teresa Bobbio)&quot;}">Imágenes personalizadas</td>
</tr>
<tr>
<td data-sheets-value="{&quot;1&quot;:2,&quot;2&quot;:&quot;Características:&quot;}">Características:</td>
<td data-sheets-value="{&quot;1&quot;:2,&quot;2&quot;:&quot;Full color&quot;}">Full color</td>
</tr>
<tr>
<td></td>
<td data-sheets-value="{&quot;1&quot;:2,&quot;2&quot;:&quot;Papel ilustración&quot;}">Papel ilustración</td>
</tr>
<tr>
<td></td>
<td data-sheets-value="{&quot;1&quot;:2,&quot;2&quot;:&quot;Recordatorio al dorso / Cuadrícula&quot;}">Recordatorio al dorso / Cuadrícula</td>
</tr>
</tbody>
</table>

<p>Tamaño de la lámina: 17,5 x 8,5 cm Tipo base: PVC Láminas: 12 Papel: 200 grs. Motivo: Imágenes personalizadas Características:</p>
