{"id":48926,"date":"2026-04-17T18:15:26","date_gmt":"2026-04-17T18:15:26","guid":{"rendered":"https:\/\/www.tuvendes.com.ar\/demo\/producto\/calendarios-anillados-2\/"},"modified":"2026-04-17T18:15:55","modified_gmt":"2026-04-17T18:15:55","slug":"calendarios-anillados-2","status":"publish","type":"product","link":"https:\/\/www.tuvendes.com.ar\/demo\/producto\/calendarios-anillados-2\/","title":{"rendered":"Calendarios Anillados"},"content":{"rendered":"<table class=\"t1\" style=\"height: 572px\" width=\"752\" cellspacing=\"0\" cellpadding=\"0\">\n<tbody>\n<tr>\n<td class=\"td1\" valign=\"top\">\n<p class=\"p1\">Tama\u00f1o de la l\u00e1mina:<\/p>\n<\/td>\n<td class=\"td1\" valign=\"top\">\n<p class=\"p1\">17,5 x 8,5 cm<\/p>\n<\/td>\n<\/tr>\n<tr>\n<td class=\"td1\" valign=\"top\">\n<p class=\"p1\">Tipo base:<\/p>\n<\/td>\n<td class=\"td1\" valign=\"top\">\n<p class=\"p1\">PVC<\/p>\n<\/td>\n<\/tr>\n<tr>\n<td class=\"td1\" valign=\"top\">\n<p class=\"p1\">Color base:<\/p>\n<\/td>\n<td class=\"td1\" valign=\"top\">\n<p class=\"p1\">Negro \u00f3 Blanco<\/p>\n<\/td>\n<\/tr>\n<tr>\n<td class=\"td1\" valign=\"top\">\n<p class=\"p1\">L\u00e1minas:<\/p>\n<\/td>\n<td class=\"td1\" valign=\"top\">\n<p class=\"p1\">12<\/p>\n<\/td>\n<\/tr>\n<tr>\n<td class=\"td1\" valign=\"top\">\n<p class=\"p1\">Papel:<\/p>\n<\/td>\n<td class=\"td1\" valign=\"top\">\n<p class=\"p1\">210 grs.<\/p>\n<\/td>\n<\/tr>\n<tr>\n<td class=\"td1\" valign=\"top\">\n<p class=\"p1\">Motivo:<\/p>\n<\/td>\n<td class=\"td1\" valign=\"top\">\n<p class=\"p1\">Paisajes<\/p>\n<\/td>\n<\/tr>\n<tr>\n<td class=\"td1\" valign=\"top\">\n<p class=\"p1\">Caracter\u00edsticas:<\/p>\n<\/td>\n<td class=\"td1\" valign=\"top\">\n<p class=\"p1\">Full color<\/p>\n<\/td>\n<\/tr>\n<tr>\n<td class=\"td1\" valign=\"top\"><\/td>\n<td class=\"td1\" valign=\"top\">\n<p class=\"p1\">Papel ilustraci\u00f3n Mate<\/p>\n<\/td>\n<\/tr>\n<tr>\n<td class=\"td1\" valign=\"top\"><\/td>\n<td class=\"td1\" valign=\"top\">\n<p class=\"p1\">Recordatorio al dorso \/ Cuadr\u00edcula<\/p>\n<\/td>\n<\/tr>\n<\/tbody>\n<\/table>\n<p>&nbsp;<\/p>\n","protected":false},"excerpt":{"rendered":"<p>Tama\u00f1o de la l\u00e1mina: 17,5 x 8,5 cm Tipo base: PVC Color base: Negro \u00f3 Blanco L\u00e1minas: 12 Papel: 210<\/p>\n","protected":false},"featured_media":48927,"template":"","meta":[],"product_brand":[],"product_cat":[1929],"product_tag":[],"class_list":{"0":"post-48926","1":"product","2":"type-product","3":"status-publish","4":"has-post-thumbnail","6":"product_cat-calendarios","8":"first","9":"instock","10":"shipping-taxable","11":"purchasable","12":"product-type-simple"},"_links":{"self":[{"href":"https:\/\/www.tuvendes.com.ar\/demo\/wp-json\/wp\/v2\/product\/48926","targetHints":{"allow":["GET"]}}],"collection":[{"href":"https:\/\/www.tuvendes.com.ar\/demo\/wp-json\/wp\/v2\/product"}],"about":[{"href":"https:\/\/www.tuvendes.com.ar\/demo\/wp-json\/wp\/v2\/types\/product"}],"wp:featuredmedia":[{"embeddable":true,"href":"https:\/\/www.tuvendes.com.ar\/demo\/wp-json\/wp\/v2\/media\/48927"}],"wp:attachment":[{"href":"https:\/\/www.tuvendes.com.ar\/demo\/wp-json\/wp\/v2\/media?parent=48926"}],"wp:term":[{"taxonomy":"product_brand","embeddable":true,"href":"https:\/\/www.tuvendes.com.ar\/demo\/wp-json\/wp\/v2\/product_brand?post=48926"},{"taxonomy":"product_cat","embeddable":true,"href":"https:\/\/www.tuvendes.com.ar\/demo\/wp-json\/wp\/v2\/product_cat?post=48926"},{"taxonomy":"product_tag","embeddable":true,"href":"https:\/\/www.tuvendes.com.ar\/demo\/wp-json\/wp\/v2\/product_tag?post=48926"}],"curies":[{"name":"wp","href":"https:\/\/api.w.org\/{rel}","templated":true}]}}

<table class="t1" style="height: 572px" width="752" cellspacing="0" cellpadding="0">
<tbody>
<tr>
<td class="td1" valign="top">
<p class="p1">Tamaño de la lámina:</p>
</td>
<td class="td1" valign="top">
<p class="p1">17,5 x 8,5 cm</p>
</td>
</tr>
<tr>
<td class="td1" valign="top">
<p class="p1">Tipo base:</p>
</td>
<td class="td1" valign="top">
<p class="p1">PVC</p>
</td>
</tr>
<tr>
<td class="td1" valign="top">
<p class="p1">Color base:</p>
</td>
<td class="td1" valign="top">
<p class="p1">Negro ó Blanco</p>
</td>
</tr>
<tr>
<td class="td1" valign="top">
<p class="p1">Láminas:</p>
</td>
<td class="td1" valign="top">
<p class="p1">12</p>
</td>
</tr>
<tr>
<td class="td1" valign="top">
<p class="p1">Papel:</p>
</td>
<td class="td1" valign="top">
<p class="p1">210 grs.</p>
</td>
</tr>
<tr>
<td class="td1" valign="top">
<p class="p1">Motivo:</p>
</td>
<td class="td1" valign="top">
<p class="p1">Paisajes</p>
</td>
</tr>
<tr>
<td class="td1" valign="top">
<p class="p1">Características:</p>
</td>
<td class="td1" valign="top">
<p class="p1">Full color</p>
</td>
</tr>
<tr>
<td class="td1" valign="top"></td>
<td class="td1" valign="top">
<p class="p1">Papel ilustración Mate</p>
</td>
</tr>
<tr>
<td class="td1" valign="top"></td>
<td class="td1" valign="top">
<p class="p1">Recordatorio al dorso / Cuadrícula</p>
</td>
</tr>
</tbody>
</table>
<p>&nbsp;</p>

<p>Tamaño de la lámina: 17,5 x 8,5 cm Tipo base: PVC Color base: Negro ó Blanco Láminas: 12 Papel: 210</p>
