{"id":569,"date":"2024-11-12T19:43:17","date_gmt":"2024-11-12T19:43:17","guid":{"rendered":"https:\/\/www.tuvendes.com.ar\/demo\/producto\/imanes-flexibles-para-heladera-redondos\/"},"modified":"2025-08-21T20:44:50","modified_gmt":"2025-08-21T20:44:50","slug":"imanes-flexibles-para-heladera-redondos","status":"publish","type":"product","link":"https:\/\/www.tuvendes.com.ar\/demo\/producto\/imanes-flexibles-para-heladera-redondos\/","title":{"rendered":"Imanes Flexibles Para Heladera Redondos"},"content":{"rendered":"<div>Los Imanes Flexibles son productos que tienen magia, son peque\u00f1as vallas publicitarias que se adhieren a diferentes superficies met\u00e1licas como heladeras, archivos, marcos de puertas, muebles, veh\u00edculos, etc., consiguiendo que el mensaje de su anuncio permanezca a la vista durante mucho tiempo en zonas de gran visibilidad y alto tr\u00e1nsito, favoreciendo la recordaci\u00f3n de marca.<\/div>\n<div>Adem\u00e1s, los Imanes Publicitarios son un art\u00edculo s\u00faper ventajoso para todas las empresas que hacen entregas a domicilio, ya que su bajo costo permite llegar a numerosos puntos de venta.<\/div>\n<div><\/div>\n<div>Est\u00e1 comprobado que los imanes publicitarios tienen un poderoso atractivo para la gente y existe una tendencia muy baja a tirarlos, dado que comienzan a formar parte de la identidad del ambiente en donde se los coloque.<\/div>\n","protected":false},"excerpt":{"rendered":"<div>Nuestros Imanes Publicitarios est\u00e1n fabricados con la m\u00e1s alta tecnolog\u00eda, lo cual nos permite hacerlos de manera m\u00e1s eficiente, consiguiendo de esta manera, la mejor calidad, al menor costo y en un tiempo \u00f3ptimo de entrega.<\/div>\n<div>Actualmente ofrecemos Imanes Publicitarios en una amplia variedad de tama\u00f1os y formas, impresos en Offset o en L\u00e1ser a Full Color.<\/div>\n<div>Ud. puede elegir el tama\u00f1o y la forma que desee.<\/div>\n<div>Cons\u00faltenos.<\/div>\n","protected":false},"featured_media":575,"template":"","meta":[],"product_brand":[],"product_cat":[124],"product_tag":[],"class_list":{"0":"post-569","1":"product","2":"type-product","3":"status-publish","4":"has-post-thumbnail","6":"product_cat-elementi","8":"first","9":"instock","10":"shipping-taxable","11":"purchasable","12":"product-type-variable"},"_links":{"self":[{"href":"https:\/\/www.tuvendes.com.ar\/demo\/wp-json\/wp\/v2\/product\/569","targetHints":{"allow":["GET"]}}],"collection":[{"href":"https:\/\/www.tuvendes.com.ar\/demo\/wp-json\/wp\/v2\/product"}],"about":[{"href":"https:\/\/www.tuvendes.com.ar\/demo\/wp-json\/wp\/v2\/types\/product"}],"wp:featuredmedia":[{"embeddable":true,"href":"https:\/\/www.tuvendes.com.ar\/demo\/wp-json\/wp\/v2\/media\/575"}],"wp:attachment":[{"href":"https:\/\/www.tuvendes.com.ar\/demo\/wp-json\/wp\/v2\/media?parent=569"}],"wp:term":[{"taxonomy":"product_brand","embeddable":true,"href":"https:\/\/www.tuvendes.com.ar\/demo\/wp-json\/wp\/v2\/product_brand?post=569"},{"taxonomy":"product_cat","embeddable":true,"href":"https:\/\/www.tuvendes.com.ar\/demo\/wp-json\/wp\/v2\/product_cat?post=569"},{"taxonomy":"product_tag","embeddable":true,"href":"https:\/\/www.tuvendes.com.ar\/demo\/wp-json\/wp\/v2\/product_tag?post=569"}],"curies":[{"name":"wp","href":"https:\/\/api.w.org\/{rel}","templated":true}]}}