{"id":6174,"date":"2024-11-15T18:35:45","date_gmt":"2024-11-15T18:35:45","guid":{"rendered":"https:\/\/www.tuvendes.com.ar\/demo\/producto\/mate-c-asa-y-bombilla\/"},"modified":"2026-05-06T17:01:23","modified_gmt":"2026-05-06T17:01:23","slug":"mate-c-asa-y-bombilla","status":"publish","type":"product","link":"https:\/\/www.tuvendes.com.ar\/demo\/producto\/mate-c-asa-y-bombilla\/","title":{"rendered":"Mate C\/asa y Bombilla"},"content":{"rendered":"<p>Mate pl\u00e1stico de poliestireno de un asa. Incluye bombilla de acero inoxidable con disco pl\u00e1stico autolimpiante saca-yerba. Medidas: 8 cm x di\u00e1metro 6 cm. Colores: Negro, verde militar, marfil y ladrillo. Producto libre de BPA. Zecat<\/p>\n","protected":false},"excerpt":{"rendered":"<p>Mate pl\u00e1stico de poliestireno de un asa. Incluye bombilla de acero inoxidable con disco pl\u00e1stico autolimpiante saca-yerba. Medidas: 8 cm<\/p>\n","protected":false},"featured_media":40783,"template":"","meta":[],"product_brand":[1820],"product_cat":[1752,1775],"product_tag":[],"class_list":{"0":"post-6174","1":"product","2":"type-product","3":"status-publish","4":"has-post-thumbnail","6":"product_brand-zecat","7":"product_cat-drinkware","8":"product_cat-mates","9":"pa_variant-plast-hueso","10":"pa_variant-plast-ladrillo","11":"pa_variant-plast-melange","12":"pa_variant-plast-negro","13":"pa_variant-plast-verde-ingles","15":"first","16":"instock","17":"shipping-taxable","18":"purchasable","19":"product-type-variable"},"_links":{"self":[{"href":"https:\/\/www.tuvendes.com.ar\/demo\/wp-json\/wp\/v2\/product\/6174","targetHints":{"allow":["GET"]}}],"collection":[{"href":"https:\/\/www.tuvendes.com.ar\/demo\/wp-json\/wp\/v2\/product"}],"about":[{"href":"https:\/\/www.tuvendes.com.ar\/demo\/wp-json\/wp\/v2\/types\/product"}],"wp:featuredmedia":[{"embeddable":true,"href":"https:\/\/www.tuvendes.com.ar\/demo\/wp-json\/wp\/v2\/media\/40783"}],"wp:attachment":[{"href":"https:\/\/www.tuvendes.com.ar\/demo\/wp-json\/wp\/v2\/media?parent=6174"}],"wp:term":[{"taxonomy":"product_brand","embeddable":true,"href":"https:\/\/www.tuvendes.com.ar\/demo\/wp-json\/wp\/v2\/product_brand?post=6174"},{"taxonomy":"product_cat","embeddable":true,"href":"https:\/\/www.tuvendes.com.ar\/demo\/wp-json\/wp\/v2\/product_cat?post=6174"},{"taxonomy":"product_tag","embeddable":true,"href":"https:\/\/www.tuvendes.com.ar\/demo\/wp-json\/wp\/v2\/product_tag?post=6174"}],"curies":[{"name":"wp","href":"https:\/\/api.w.org\/{rel}","templated":true}]}}