{"id":9872,"date":"2024-11-15T19:03:29","date_gmt":"2024-11-15T19:03:29","guid":{"rendered":"https:\/\/www.tuvendes.com.ar\/demo\/producto\/campera-stone\/"},"modified":"2026-04-20T21:06:22","modified_gmt":"2026-04-20T21:06:22","slug":"campera-stone","status":"publish","type":"product","link":"https:\/\/www.tuvendes.com.ar\/demo\/producto\/campera-stone\/","title":{"rendered":"Campera Stone"},"content":{"rendered":"<p>Campera de frisa 50% algod\u00f3n y 50% poli\u00e9ster de 260g con cierre y capucha unisex.  CERTIFICACI\u00d3N: PETA-Approved Vegan<br \/>\nRECOMENDACIONES DE USO: Lavar a m\u00e1quina a 30\u00b0. No lavar en seco. No blanquear. No planchar. No secar en m\u00e1quina.<br \/>\nSol\u00b4s.<\/p>\n","protected":false},"excerpt":{"rendered":"<p>Campera de frisa 50% algod\u00f3n y 50% poli\u00e9ster de 260g con cierre y capucha unisex. CERTIFICACI\u00d3N: PETA-Approved Vegan RECOMENDACIONES DE<\/p>\n","protected":false},"featured_media":44458,"template":"","meta":[],"product_brand":[1902],"product_cat":[1766,1781,1763,1755,1876],"product_tag":[],"class_list":{"0":"post-9872","1":"product","2":"type-product","3":"status-publish","4":"has-post-thumbnail","6":"product_brand-sols","7":"product_cat-apparel","8":"product_cat-apparel-abrigo","9":"product_cat-mundial-2026","10":"product_cat-sustentables","11":"product_cat-workwear","13":"first","14":"instock","15":"shipping-taxable","16":"purchasable","17":"product-type-variable"},"_links":{"self":[{"href":"https:\/\/www.tuvendes.com.ar\/demo\/wp-json\/wp\/v2\/product\/9872","targetHints":{"allow":["GET"]}}],"collection":[{"href":"https:\/\/www.tuvendes.com.ar\/demo\/wp-json\/wp\/v2\/product"}],"about":[{"href":"https:\/\/www.tuvendes.com.ar\/demo\/wp-json\/wp\/v2\/types\/product"}],"wp:featuredmedia":[{"embeddable":true,"href":"https:\/\/www.tuvendes.com.ar\/demo\/wp-json\/wp\/v2\/media\/44458"}],"wp:attachment":[{"href":"https:\/\/www.tuvendes.com.ar\/demo\/wp-json\/wp\/v2\/media?parent=9872"}],"wp:term":[{"taxonomy":"product_brand","embeddable":true,"href":"https:\/\/www.tuvendes.com.ar\/demo\/wp-json\/wp\/v2\/product_brand?post=9872"},{"taxonomy":"product_cat","embeddable":true,"href":"https:\/\/www.tuvendes.com.ar\/demo\/wp-json\/wp\/v2\/product_cat?post=9872"},{"taxonomy":"product_tag","embeddable":true,"href":"https:\/\/www.tuvendes.com.ar\/demo\/wp-json\/wp\/v2\/product_tag?post=9872"}],"curies":[{"name":"wp","href":"https:\/\/api.w.org\/{rel}","templated":true}]}}